CRAN Package Check Results for Package nlmixr

Last updated on 2022-01-20 06:49:26 CET.

Flavor Version Tinstall Tcheck Ttotal Status Flags
r-devel-linux-x86_64-debian-clang 2.0.6 OK
r-devel-linux-x86_64-debian-gcc 2.0.6 286.20 145.15 431.35 OK
r-devel-linux-x86_64-fedora-clang 2.0.6 425.34 NOTE
r-devel-linux-x86_64-fedora-gcc 2.0.6 392.53 OK
r-devel-windows-x86_64-new-UL 2.0.6 372.00 244.00 616.00 OK
r-devel-windows-x86_64-new-TK 2.0.6 OK
r-patched-linux-x86_64 2.0.6 315.46 188.51 503.97 OK
r-release-linux-x86_64 2.0.6 OK
r-release-macos-arm64 2.0.6 NOTE
r-release-macos-x86_64 2.0.6 NOTE
r-release-windows-ix86+x86_64 2.0.6 829.00 269.00 1098.00 NOTE
r-oldrel-macos-x86_64 2.0.6 NOTE
r-oldrel-windows-ix86+x86_64 2.0.6 832.00 271.00 1103.00 NOTE

Check Details

Version: 2.0.6
Check: installed package size
Result: NOTE
     installed size is 19.9Mb
     sub-directories of 1Mb or more:
     R 1.1Mb
     libs 17.9Mb
Flavors: r-devel-linux-x86_64-fedora-clang, r-release-macos-arm64, r-release-macos-x86_64, r-release-windows-ix86+x86_64, r-oldrel-macos-x86_64, r-oldrel-windows-ix86+x86_64