CRAN Package Check Results for Package nleqslv

Last updated on 2022-06-30 07:50:17 CEST.

Flavor Version Tinstall Tcheck Ttotal Status Flags
r-devel-linux-x86_64-debian-clang 3.3.2 5.75 34.01 39.76 NOTE
r-devel-linux-x86_64-debian-gcc 3.3.2 5.51 26.26 31.77 NOTE
r-devel-linux-x86_64-fedora-clang 3.3.2 60.36 NOTE
r-devel-linux-x86_64-fedora-gcc 3.3.2 59.31 NOTE
r-devel-windows-x86_64 3.3.2 37.00 64.00 101.00 NOTE
r-patched-linux-x86_64 3.3.2 6.05 32.10 38.15 OK
r-release-linux-x86_64 3.3.2 5.90 32.31 38.21 OK
r-release-macos-arm64 3.3.2 25.00 OK
r-release-macos-x86_64 3.3.2 37.00 OK
r-release-windows-x86_64 3.3.2 19.00 65.00 84.00 OK
r-oldrel-macos-arm64 3.3.2 34.00 OK
r-oldrel-macos-x86_64 3.3.2 43.00 OK
r-oldrel-windows-ix86+x86_64 3.3.2 26.00 51.00 77.00 OK

Check Details

Version: 3.3.2
Check: Rd files
Result: NOTE
    checkRd: (-1) nleqslv.Rd:297: Escaped LaTeX specials: \&
    checkRd: (-1) nleqslv.Rd:300: Escaped LaTeX specials: \&
Flavors: r-devel-linux-x86_64-debian-clang, r-devel-linux-x86_64-debian-gcc, r-devel-linux-x86_64-fedora-clang, r-devel-linux-x86_64-fedora-gcc, r-devel-windows-x86_64