Last updated on 2022-08-10 07:51:48 CEST.
Flavor | Version | Tinstall | Tcheck | Ttotal | Status | Flags |
---|---|---|---|---|---|---|
r-devel-linux-x86_64-debian-clang | 0.3.5 | 32.64 | 360.60 | 393.24 | OK | |
r-devel-linux-x86_64-debian-gcc | 0.3.5 | 29.53 | 264.58 | 294.11 | OK | |
r-devel-linux-x86_64-fedora-clang | 0.3.5 | 475.56 | OK | |||
r-devel-linux-x86_64-fedora-gcc | 0.3.5 | 474.10 | OK | |||
r-devel-windows-x86_64 | 0.3.5 | 52.00 | 369.00 | 421.00 | OK | |
r-patched-linux-x86_64 | 0.3.5 | 39.51 | 334.71 | 374.22 | OK | |
r-release-linux-x86_64 | 0.3.5 | OK | ||||
r-release-macos-arm64 | 0.3.5 | 127.00 | OK | |||
r-release-macos-x86_64 | 0.3.5 | 214.00 | OK | |||
r-release-windows-x86_64 | 0.3.5 | 44.00 | 361.00 | 405.00 | OK | |
r-oldrel-macos-arm64 | 0.3.5 | 162.00 | OK | |||
r-oldrel-macos-x86_64 | 0.3.5 | 188.00 | NOTE | |||
r-oldrel-windows-ix86+x86_64 | 0.3.5 | 75.00 | 349.00 | 424.00 | OK |
Version: 0.3.5
Check: package dependencies
Result: NOTE
Package suggested but not available for checking: ‘ALL’
Flavor: r-oldrel-macos-x86_64