Last updated on 2022-07-05 07:51:01 CEST.
Flavor | Version | Tinstall | Tcheck | Ttotal | Status | Flags |
---|---|---|---|---|---|---|
r-devel-linux-x86_64-debian-clang | 0.12.2 | 228.43 | 251.86 | 480.29 | WARN | |
r-devel-linux-x86_64-debian-gcc | 0.12.2 | 216.76 | 186.00 | 402.76 | OK | |
r-devel-linux-x86_64-fedora-clang | 0.12.2 | 668.08 | WARN | |||
r-devel-linux-x86_64-fedora-gcc | 0.12.2 | 642.65 | OK | |||
r-devel-windows-x86_64 | 0.12.2 | 835.00 | 283.00 | 1118.00 | NOTE | |
r-patched-linux-x86_64 | 0.12.2 | 224.37 | 239.88 | 464.25 | OK | |
r-release-linux-x86_64 | 0.12.2 | 244.75 | 244.37 | 489.12 | OK | |
r-release-macos-arm64 | 0.12.2 | 154.00 | NOTE | |||
r-release-macos-x86_64 | 0.12.2 | 196.00 | NOTE | |||
r-release-windows-x86_64 | 0.12.2 | 1227.00 | 265.00 | 1492.00 | NOTE | |
r-oldrel-macos-arm64 | 0.12.2 | 160.00 | NOTE | |||
r-oldrel-macos-x86_64 | 0.12.2 | 197.00 | NOTE | |||
r-oldrel-windows-ix86+x86_64 | 0.12.2 | 498.00 | 303.00 | 801.00 | NOTE |
Version: 0.12.2
Check: whether package can be installed
Result: WARN
Found the following significant warnings:
RcppUtils.cpp:48:6: warning: use of bitwise '&' with boolean operands [-Wbitwise-instead-of-logical]
RcppNimbleUtils.cpp:298:8: warning: use of bitwise '|' with boolean operands [-Wbitwise-instead-of-logical]
nimDists.cpp:159:6: warning: use of bitwise '|' with boolean operands [-Wbitwise-instead-of-logical]
nimDists.cpp:189:8: warning: use of bitwise '|' with boolean operands [-Wbitwise-instead-of-logical]
nimDists.cpp:206:6: warning: use of bitwise '|' with boolean operands [-Wbitwise-instead-of-logical]
nimDists.cpp:236:8: warning: use of bitwise '|' with boolean operands [-Wbitwise-instead-of-logical]
nimDists.cpp:263:6: warning: use of bitwise '|' with boolean operands [-Wbitwise-instead-of-logical]
nimDists.cpp:315:6: warning: use of bitwise '|' with boolean operands [-Wbitwise-instead-of-logical]
nimDists.cpp:361:6: warning: use of bitwise '|' with boolean operands [-Wbitwise-instead-of-logical]
nimDists.cpp:380:8: warning: use of bitwise '|' with boolean operands [-Wbitwise-instead-of-logical]
nimbleGraph.cpp:183:6: warning: use of bitwise '|' with boolean operands [-Wbitwise-instead-of-logical]
Flavors: r-devel-linux-x86_64-debian-clang, r-devel-linux-x86_64-fedora-clang
Version: 0.12.2
Check: installed package size
Result: NOTE
installed size is 30.3Mb
sub-directories of 1Mb or more:
CppCode 1.2Mb
R 6.3Mb
classic-bugs 1.6Mb
include 5.9Mb
libs 14.7Mb
Flavors: r-devel-linux-x86_64-fedora-clang, r-devel-windows-x86_64, r-release-macos-arm64, r-release-macos-x86_64, r-release-windows-x86_64, r-oldrel-macos-arm64, r-oldrel-macos-x86_64, r-oldrel-windows-ix86+x86_64