CRAN Package Check Results for Package networktools

Last updated on 2022-07-03 07:51:59 CEST.

Flavor Version Tinstall Tcheck Ttotal Status Flags
r-devel-linux-x86_64-debian-clang 1.5.0 17.69 152.52 170.21 OK
r-devel-linux-x86_64-debian-gcc 1.5.0 15.50 110.73 126.23 OK
r-devel-linux-x86_64-fedora-clang 1.5.0 218.43 WARN
r-devel-linux-x86_64-fedora-gcc 1.5.0 211.08 WARN
r-devel-windows-x86_64 1.5.0 31.00 168.00 199.00 OK
r-patched-linux-x86_64 1.5.0 17.05 142.72 159.77 OK
r-release-linux-x86_64 1.5.0 17.12 141.38 158.50 OK
r-release-macos-arm64 1.5.0 51.00 OK
r-release-macos-x86_64 1.5.0 79.00 OK
r-release-windows-x86_64 1.5.0 40.00 166.00 206.00 OK
r-oldrel-macos-arm64 1.5.0 57.00 OK
r-oldrel-macos-x86_64 1.5.0 72.00 OK
r-oldrel-windows-ix86+x86_64 1.5.0 40.00 167.00 207.00 OK

Check Details

Version: 1.5.0
Check: package dependencies
Result: WARN
    Requires (indirectly) orphaned package: ‘gtools’
Flavors: r-devel-linux-x86_64-fedora-clang, r-devel-linux-x86_64-fedora-gcc