Last updated on 2022-07-06 07:49:04 CEST.
Flavor | Version | Tinstall | Tcheck | Ttotal | Status | Flags |
---|---|---|---|---|---|---|
r-devel-linux-x86_64-debian-clang | 2.1-0 | 32.30 | 414.72 | 447.02 | OK | |
r-devel-linux-x86_64-debian-gcc | 2.1-0 | 28.84 | 312.19 | 341.03 | OK | |
r-devel-linux-x86_64-fedora-clang | 2.1-0 | 551.60 | NOTE | |||
r-devel-linux-x86_64-fedora-gcc | 2.1-0 | 554.16 | NOTE | |||
r-devel-windows-x86_64 | 2.1-0 | 63.00 | 465.00 | 528.00 | OK | |
r-patched-linux-x86_64 | 2.1-0 | 41.47 | 402.56 | 444.03 | OK | |
r-release-linux-x86_64 | 2.1-0 | 27.39 | 399.00 | 426.39 | OK | |
r-release-macos-arm64 | 2.1-0 | 136.00 | NOTE | |||
r-release-macos-x86_64 | 2.1-0 | 217.00 | NOTE | |||
r-release-windows-x86_64 | 2.1-0 | 81.00 | 481.00 | 562.00 | OK | |
r-oldrel-macos-arm64 | 2.1-0 | 159.00 | NOTE | |||
r-oldrel-macos-x86_64 | 2.1-0 | 216.00 | NOTE | |||
r-oldrel-windows-ix86+x86_64 | 2.1-0 | 60.00 | 454.00 | 514.00 | OK |
Version: 2.1-0
Check: data for non-ASCII characters
Result: NOTE
Note: found 2 marked UTF-8 strings
Flavors: r-devel-linux-x86_64-fedora-clang, r-devel-linux-x86_64-fedora-gcc, r-release-macos-arm64, r-release-macos-x86_64, r-oldrel-macos-arm64, r-oldrel-macos-x86_64