CRAN Package Check Results for Package nebula

Last updated on 2022-06-30 07:50:16 CEST.

Flavor Version Tinstall Tcheck Ttotal Status Flags
r-devel-linux-x86_64-debian-clang 1.2.0 81.16 87.49 168.65 OK
r-devel-linux-x86_64-debian-gcc 1.2.0 62.43 67.20 129.63 OK
r-devel-linux-x86_64-fedora-clang 1.2.0 232.41 NOTE
r-devel-linux-x86_64-fedora-gcc 1.2.0 219.83 NOTE
r-devel-windows-x86_64 1.2.0 62.00 132.00 194.00 OK
r-patched-linux-x86_64 1.2.0 65.97 85.40 151.37 OK
r-release-linux-x86_64 1.2.0 60.21 87.18 147.39 OK
r-release-macos-arm64 1.2.0 59.00 NOTE
r-release-macos-x86_64 1.2.0 103.00 NOTE
r-release-windows-x86_64 1.2.0 53.00 130.00 183.00 OK
r-oldrel-macos-arm64 1.2.0 57.00 NOTE
r-oldrel-macos-x86_64 1.2.0 84.00 NOTE
r-oldrel-windows-ix86+x86_64 1.2.0 145.00 146.00 291.00 OK

Check Details

Version: 1.2.0
Check: installed package size
Result: NOTE
     installed size is 22.7Mb
     sub-directories of 1Mb or more:
     libs 21.7Mb
Flavors: r-devel-linux-x86_64-fedora-clang, r-release-macos-arm64, r-release-macos-x86_64, r-oldrel-macos-arm64, r-oldrel-macos-x86_64

Version: 1.2.0
Check: dependencies in R code
Result: NOTE
    Namespaces in Imports field not imported from:
     ‘MASS’ ‘utils’
     All declared Imports should be used.
Flavors: r-devel-linux-x86_64-fedora-clang, r-devel-linux-x86_64-fedora-gcc, r-release-macos-arm64, r-release-macos-x86_64, r-oldrel-macos-arm64, r-oldrel-macos-x86_64