CRAN Package Check Results for Package ncmeta

Last updated on 2022-05-19 07:50:14 CEST.

Flavor Version Tinstall Tcheck Ttotal Status Flags
r-devel-linux-x86_64-debian-clang 0.3.0 6.09 77.18 83.27 NOTE
r-devel-linux-x86_64-debian-gcc 0.3.0 5.39 56.83 62.22 NOTE
r-devel-linux-x86_64-fedora-clang 0.3.0 99.04 NOTE
r-devel-linux-x86_64-fedora-gcc 0.3.0 94.26 NOTE
r-devel-windows-x86_64 0.3.0 35.00 85.00 120.00 NOTE
r-patched-linux-x86_64 0.3.0 7.26 71.54 78.80 NOTE
r-release-linux-x86_64 0.3.0 4.52 70.64 75.16 NOTE
r-release-macos-arm64 0.3.0 25.00 NOTE
r-release-macos-x86_64 0.3.0 51.00 NOTE
r-release-windows-x86_64 0.3.0 35.00 87.00 122.00 NOTE
r-oldrel-macos-arm64 0.3.0 32.00 NOTE
r-oldrel-macos-x86_64 0.3.0 41.00 NOTE
r-oldrel-windows-ix86+x86_64 0.3.0 15.00 85.00 100.00 NOTE

Check Details

Version: 0.3.0
Check: LazyData
Result: NOTE
     'LazyData' is specified without a 'data' directory
Flavors: r-devel-linux-x86_64-debian-clang, r-devel-linux-x86_64-debian-gcc, r-devel-linux-x86_64-fedora-clang, r-devel-linux-x86_64-fedora-gcc, r-devel-windows-x86_64, r-patched-linux-x86_64, r-release-linux-x86_64, r-release-macos-arm64, r-release-macos-x86_64, r-release-windows-x86_64, r-oldrel-macos-arm64, r-oldrel-macos-x86_64, r-oldrel-windows-ix86+x86_64