CRAN Package Check Results for Package ncbit

Last updated on 2022-08-09 07:53:29 CEST.

Flavor Version Tinstall Tcheck Ttotal Status Flags
r-devel-linux-x86_64-debian-clang 2013.03.29.1 2.67 48.95 51.62 OK
r-devel-linux-x86_64-debian-gcc 2013.03.29.1 2.33 39.51 41.84 OK
r-devel-linux-x86_64-fedora-clang 2013.03.29.1 73.60 NOTE
r-devel-linux-x86_64-fedora-gcc 2013.03.29.1 71.81 OK
r-devel-windows-x86_64 2013.03.29.1 11.00 73.00 84.00 NOTE
r-patched-linux-x86_64 2013.03.29.1 3.12 47.01 50.13 OK
r-release-linux-x86_64 2013.03.29.1 OK
r-release-macos-arm64 2013.03.29.1 23.00 NOTE
r-release-macos-x86_64 2013.03.29.1 36.00 NOTE
r-release-windows-x86_64 2013.03.29.1 10.00 71.00 81.00 NOTE
r-oldrel-macos-arm64 2013.03.29.1 22.00 NOTE
r-oldrel-macos-x86_64 2013.03.29.1 37.00 NOTE
r-oldrel-windows-ix86+x86_64 2013.03.29.1 5.00 71.00 76.00 NOTE

Check Details

Version: 2013.03.29.1
Check: installed package size
Result: NOTE
     installed size is 9.5Mb
     sub-directories of 1Mb or more:
     data 9.4Mb
Flavors: r-devel-linux-x86_64-fedora-clang, r-devel-windows-x86_64, r-release-macos-arm64, r-release-macos-x86_64, r-release-windows-x86_64, r-oldrel-macos-arm64, r-oldrel-macos-x86_64, r-oldrel-windows-ix86+x86_64