Last updated on 2022-05-22 07:53:18 CEST.
Flavor | Version | Tinstall | Tcheck | Ttotal | Status | Flags |
---|---|---|---|---|---|---|
r-devel-linux-x86_64-debian-clang | 2020.4.1 | 2.17 | 42.84 | 45.01 | NOTE | |
r-devel-linux-x86_64-debian-gcc | 2020.4.1 | 1.94 | 33.27 | 35.21 | NOTE | |
r-devel-linux-x86_64-fedora-clang | 2020.4.1 | 53.56 | NOTE | |||
r-devel-linux-x86_64-fedora-gcc | 2020.4.1 | 53.17 | NOTE | |||
r-devel-windows-x86_64 | 2020.4.1 | 34.00 | 70.00 | 104.00 | NOTE | |
r-patched-linux-x86_64 | 2020.4.1 | 2.35 | 40.30 | 42.65 | NOTE | |
r-release-linux-x86_64 | 2020.4.1 | 2.21 | 39.87 | 42.08 | NOTE | |
r-release-macos-arm64 | 2020.4.1 | 17.00 | NOTE | |||
r-release-macos-x86_64 | 2020.4.1 | 27.00 | NOTE | |||
r-release-windows-x86_64 | 2020.4.1 | 30.00 | 70.00 | 100.00 | NOTE | |
r-oldrel-macos-arm64 | 2020.4.1 | 26.00 | NOTE | |||
r-oldrel-macos-x86_64 | 2020.4.1 | 38.00 | NOTE | |||
r-oldrel-windows-ix86+x86_64 | 2020.4.1 | 6.00 | 55.00 | 61.00 | OK |
Version: 2020.4.1
Check: package dependencies
Result: NOTE
Package suggested but not available for checking: 're2r'
Flavors: r-devel-linux-x86_64-debian-clang, r-devel-linux-x86_64-debian-gcc, r-devel-linux-x86_64-fedora-clang, r-devel-linux-x86_64-fedora-gcc, r-devel-windows-x86_64, r-patched-linux-x86_64, r-release-linux-x86_64, r-release-macos-arm64, r-release-macos-x86_64, r-release-windows-x86_64, r-oldrel-macos-arm64, r-oldrel-macos-x86_64