CRAN Package Check Results for Package naaccr

Last updated on 2022-01-20 06:49:25 CET.

Flavor Version Tinstall Tcheck Ttotal Status Flags
r-devel-linux-x86_64-debian-clang 1.0.0 OK
r-devel-linux-x86_64-debian-gcc 1.0.0 3.01 92.72 95.73 OK
r-devel-linux-x86_64-fedora-clang 1.0.0 119.69 NOTE
r-devel-linux-x86_64-fedora-gcc 1.0.0 95.99 NOTE
r-devel-windows-x86_64-new-UL 1.0.0 52.00 105.00 157.00 OK
r-devel-windows-x86_64-new-TK 1.0.0 NOTE
r-patched-linux-x86_64 1.0.0 4.06 95.31 99.37 OK
r-release-linux-x86_64 1.0.0 OK
r-release-macos-arm64 1.0.0 NOTE
r-release-macos-x86_64 1.0.0 NOTE
r-release-windows-ix86+x86_64 1.0.0 9.00 94.00 103.00 OK
r-oldrel-macos-x86_64 1.0.0 NOTE
r-oldrel-windows-ix86+x86_64 1.0.0 9.00 89.00 98.00 OK

Check Details

Version: 1.0.0
Check: data for non-ASCII characters
Result: NOTE
     Note: found 50 marked UTF-8 strings
Flavors: r-devel-linux-x86_64-fedora-clang, r-devel-linux-x86_64-fedora-gcc, r-devel-windows-x86_64-new-TK, r-release-macos-arm64, r-release-macos-x86_64, r-oldrel-macos-x86_64