CRAN Package Check Results for Package multipanelfigure

Last updated on 2022-01-26 06:50:21 CET.

Flavor Version Tinstall Tcheck Ttotal Status Flags
r-devel-linux-x86_64-debian-clang 2.1.2 6.62 95.33 101.95 OK
r-devel-linux-x86_64-debian-gcc 2.1.2 4.99 70.07 75.06 OK
r-devel-linux-x86_64-fedora-clang 2.1.2 124.58 OK
r-devel-linux-x86_64-fedora-gcc 2.1.2 105.52 OK
r-devel-windows-x86_64-new-UL 2.1.2 147.00 123.00 270.00 OK
r-devel-windows-x86_64-new-TK 2.1.2 OK
r-patched-linux-x86_64 2.1.2 6.55 84.37 90.92 OK
r-release-linux-x86_64 2.1.2 5.21 84.47 89.68 OK
r-release-macos-arm64 2.1.2 NOTE
r-release-macos-x86_64 2.1.2 OK
r-release-windows-ix86+x86_64 2.1.2 16.00 107.00 123.00 OK
r-oldrel-macos-x86_64 2.1.2 OK
r-oldrel-windows-ix86+x86_64 2.1.2 17.00 105.00 122.00 OK

Check Details

Version: 2.1.2
Check: package dependencies
Result: NOTE
    Package suggested but not available for checking: ‘ComplexHeatmap’
Flavor: r-release-macos-arm64

Version: 2.1.2
Check: Rd cross-references
Result: NOTE
    Package unavailable to check Rd xrefs: ‘ComplexHeatmap’
Flavor: r-release-macos-arm64