CRAN Package Check Results for Package multiclassPairs

Last updated on 2022-01-23 07:14:06 CET.

Flavor Version Tinstall Tcheck Ttotal Status Flags
r-devel-linux-x86_64-debian-clang 0.4.3 15.77 243.16 258.93 OK
r-devel-linux-x86_64-debian-gcc 0.4.3 15.72 197.84 213.56 OK
r-devel-linux-x86_64-fedora-clang 0.4.3 318.27 OK
r-devel-linux-x86_64-fedora-gcc 0.4.3 291.69 OK
r-devel-windows-x86_64-new-UL 0.4.3 73.00 191.00 264.00 WARN
r-devel-windows-x86_64-new-TK 0.4.3 OK
r-patched-linux-x86_64 0.4.3 14.94 214.07 229.01 OK
r-release-linux-x86_64 0.4.3 12.42 212.40 224.82 OK
r-release-macos-arm64 0.4.3 OK
r-release-macos-x86_64 0.4.3 NOTE
r-release-windows-ix86+x86_64 0.4.3 39.00 258.00 297.00 NOTE
r-oldrel-macos-x86_64 0.4.3 NOTE
r-oldrel-windows-ix86+x86_64 0.4.3 40.00 258.00 298.00 NOTE

Check Details

Version: 0.4.3
Check: package dependencies
Result: NOTE
    Package suggested but not available for checking: 'leukemiasEset'
Flavors: r-devel-windows-x86_64-new-UL, r-release-windows-ix86+x86_64, r-oldrel-windows-ix86+x86_64

Version: 0.4.3
Check: re-building of vignette outputs
Result: WARN
    Error(s) in re-building vignettes:
    --- re-building 'Tutorial.Rmd' using rmarkdown
    
    
    Quitting from lines 131-144 (Tutorial.Rmd)
    Error: processing vignette 'Tutorial.Rmd' failed with diagnostics:
    Bioconductor version '3.13' requires R version '4.1'; use
     `BiocManager::install(version = '3.15')` with R version 4.2; see
     https://bioconductor.org/install
    --- failed re-building 'Tutorial.Rmd'
    
    SUMMARY: processing the following file failed:
     'Tutorial.Rmd'
    
    Error: Vignette re-building failed.
    Execution halted
Flavor: r-devel-windows-x86_64-new-UL

Version: 0.4.3
Check: package dependencies
Result: NOTE
    Packages suggested but not available for checking:
     'switchBox', 'leukemiasEset'
Flavor: r-release-macos-x86_64

Version: 0.4.3
Check: package dependencies
Result: NOTE
    Package suggested but not available for checking: ‘switchBox’
Flavor: r-oldrel-macos-x86_64