CRAN Package Check Results for Package multiblock

Last updated on 2022-01-18 06:52:53 CET.

Flavor Version Tinstall Tcheck Ttotal Status Flags
r-devel-linux-x86_64-debian-clang 0.8.1 52.39 249.54 301.93 OK
r-devel-linux-x86_64-debian-gcc 0.8.1 42.20 187.86 230.06 OK
r-devel-linux-x86_64-fedora-clang 0.8.1 386.45 NOTE
r-devel-linux-x86_64-fedora-gcc 0.8.1 364.49 NOTE
r-devel-windows-x86_64-new-UL 0.8.1 199.00 302.00 501.00 OK
r-devel-windows-x86_64-new-TK 0.8.1 ERROR
r-patched-linux-x86_64 0.8.1 51.84 260.50 312.34 OK
r-release-linux-x86_64 0.8.1 OK
r-release-macos-arm64 0.8.1 NOTE
r-release-macos-x86_64 0.8.1 NOTE
r-release-windows-ix86+x86_64 0.8.1 112.00 403.00 515.00 OK
r-oldrel-macos-x86_64 0.8.0 NOTE
r-oldrel-windows-ix86+x86_64 0.8.1 113.00 395.00 508.00 OK

Check Details

Version: 0.8.1
Check: installed package size
Result: NOTE
     installed size is 5.6Mb
     sub-directories of 1Mb or more:
     libs 3.7Mb
Flavors: r-devel-linux-x86_64-fedora-clang, r-release-macos-arm64, r-release-macos-x86_64

Version: 0.8.1
Check: dependencies in R code
Result: NOTE
    Namespace in Imports field not imported from: ‘knitr’
     All declared Imports should be used.
Flavors: r-devel-linux-x86_64-fedora-clang, r-devel-linux-x86_64-fedora-gcc, r-release-macos-arm64, r-release-macos-x86_64

Version: 0.8.1
Check: package dependencies
Result: ERROR
    Packages required but not available: 'car', 'FactoMineR', 'lme4', 'mixlm'
    
    See section 'The DESCRIPTION file' in the 'Writing R Extensions'
    manual.
Flavor: r-devel-windows-x86_64-new-TK

Version: 0.8.0
Check: installed package size
Result: NOTE
     installed size is 6.2Mb
     sub-directories of 1Mb or more:
     libs 4.3Mb
Flavor: r-oldrel-macos-x86_64

Version: 0.8.0
Check: dependencies in R code
Result: NOTE
    Namespaces in Imports field not imported from:
     ‘MFAg’ ‘knitr’
     All declared Imports should be used.
Flavor: r-oldrel-macos-x86_64