CRAN Package Check Results for Package mshap

Last updated on 2022-05-16 07:49:07 CEST.

Flavor Version Tinstall Tcheck Ttotal Status Flags
r-devel-linux-x86_64-debian-clang 0.1.0 2.07 54.97 57.04 OK
r-devel-linux-x86_64-debian-gcc 0.1.0 1.55 40.74 42.29 OK
r-devel-linux-x86_64-fedora-clang 0.1.0 68.19 NOTE
r-devel-linux-x86_64-fedora-gcc 0.1.0 70.70 NOTE
r-devel-windows-x86_64 0.1.0 15.00 79.00 94.00 OK
r-patched-linux-x86_64 0.1.0 2.95 51.97 54.92 OK
r-release-linux-x86_64 0.1.0 2.36 51.98 54.34 OK
r-release-macos-arm64 0.1.0 27.00 NOTE
r-release-macos-x86_64 0.1.0 41.00 NOTE
r-release-windows-x86_64 0.1.0 25.00 85.00 110.00 OK
r-oldrel-macos-arm64 0.1.0 36.00 NOTE
r-oldrel-macos-x86_64 0.1.0 31.00 NOTE
r-oldrel-windows-ix86+x86_64 0.1.0 7.00 75.00 82.00 OK

Check Details

Version: 0.1.0
Check: dependencies in R code
Result: NOTE
    Namespace in Imports field not imported from: ‘tidyselect’
     All declared Imports should be used.
Flavors: r-devel-linux-x86_64-fedora-clang, r-devel-linux-x86_64-fedora-gcc, r-release-macos-arm64, r-release-macos-x86_64, r-oldrel-macos-arm64, r-oldrel-macos-x86_64