CRAN Package Check Results for Package msaenet

Last updated on 2022-05-20 07:49:25 CEST.

Flavor Version Tinstall Tcheck Ttotal Status Flags
r-devel-linux-x86_64-debian-clang 3.1 8.71 149.27 157.98 NOTE
r-devel-linux-x86_64-debian-gcc 3.1 7.82 112.97 120.79 NOTE
r-devel-linux-x86_64-fedora-clang 3.1 190.87 NOTE
r-devel-linux-x86_64-fedora-gcc 3.1 191.42 NOTE
r-devel-windows-x86_64 3.1 24.00 174.00 198.00 NOTE
r-patched-linux-x86_64 3.1 10.88 146.33 157.21 NOTE
r-release-linux-x86_64 3.1 9.13 145.55 154.68 NOTE
r-release-macos-arm64 3.1 56.00 NOTE
r-release-macos-x86_64 3.1 79.00 NOTE
r-release-windows-x86_64 3.1 33.00 176.00 209.00 NOTE
r-oldrel-macos-arm64 3.1 73.00 NOTE
r-oldrel-macos-x86_64 3.1 133.00 NOTE
r-oldrel-windows-ix86+x86_64 3.1 22.00 176.00 198.00 NOTE

Check Details

Version: 3.1
Check: LazyData
Result: NOTE
     'LazyData' is specified without a 'data' directory
Flavors: r-devel-linux-x86_64-debian-clang, r-devel-linux-x86_64-debian-gcc, r-devel-linux-x86_64-fedora-clang, r-devel-linux-x86_64-fedora-gcc, r-devel-windows-x86_64, r-patched-linux-x86_64, r-release-linux-x86_64, r-release-macos-arm64, r-release-macos-x86_64, r-release-windows-x86_64, r-oldrel-macos-arm64, r-oldrel-macos-x86_64, r-oldrel-windows-ix86+x86_64