CRAN Package Check Results for Package move

Last updated on 2022-01-19 07:46:52 CET.

Flavor Version Tinstall Tcheck Ttotal Status Flags
r-devel-linux-x86_64-debian-clang 4.1.6 OK
r-devel-linux-x86_64-debian-gcc 4.1.6 48.61 360.35 408.96 OK
r-devel-linux-x86_64-fedora-clang 4.1.6 354.02 OK
r-devel-linux-x86_64-fedora-gcc 4.1.6 341.61 OK
r-devel-windows-x86_64-new-UL 4.1.6 186.00 559.00 745.00 OK
r-devel-windows-x86_64-new-TK 4.1.6 OK
r-patched-linux-x86_64 4.1.6 55.63 479.85 535.48 OK
r-release-linux-x86_64 4.1.6 OK
r-release-macos-arm64 4.1.6 NOTE
r-release-macos-x86_64 4.1.6 OK
r-release-windows-ix86+x86_64 4.1.6 114.00 880.00 994.00 NOTE
r-oldrel-macos-x86_64 4.1.6 OK
r-oldrel-windows-ix86+x86_64 4.1.6 115.00 908.00 1023.00 NOTE

Check Details

Version: 4.1.6
Check: installed package size
Result: NOTE
     installed size is 5.5Mb
     sub-directories of 1Mb or more:
     R 2.1Mb
Flavors: r-release-macos-arm64, r-release-windows-ix86+x86_64, r-oldrel-windows-ix86+x86_64