Last updated on 2022-07-05 07:51:00 CEST.
Flavor | Version | Tinstall | Tcheck | Ttotal | Status | Flags |
---|---|---|---|---|---|---|
r-devel-linux-x86_64-debian-clang | 0.2-7 | 4.94 | 144.71 | 149.65 | NOTE | |
r-devel-linux-x86_64-debian-gcc | 0.2-7 | 3.55 | 100.95 | 104.50 | NOTE | |
r-devel-linux-x86_64-fedora-clang | 0.2-7 | 185.23 | NOTE | |||
r-devel-linux-x86_64-fedora-gcc | 0.2-7 | 185.08 | NOTE | |||
r-devel-windows-x86_64 | 0.2-7 | 21.00 | 204.00 | 225.00 | NOTE | |
r-patched-linux-x86_64 | 0.2-7 | 4.03 | 120.74 | 124.77 | NOTE | |
r-release-linux-x86_64 | 0.2-7 | 3.42 | 118.73 | 122.15 | NOTE | |
r-release-macos-arm64 | 0.2-7 | 81.00 | NOTE | |||
r-release-macos-x86_64 | 0.2-7 | 153.00 | NOTE | |||
r-release-windows-x86_64 | 0.2-7 | 19.00 | 203.00 | 222.00 | NOTE | |
r-oldrel-macos-arm64 | 0.2-7 | 80.00 | NOTE | |||
r-oldrel-macos-x86_64 | 0.2-7 | 106.00 | NOTE | |||
r-oldrel-windows-ix86+x86_64 | 0.2-7 | 18.00 | 176.00 | 194.00 | NOTE |
Version: 0.2-7
Check: package dependencies
Result: NOTE
Package suggested but not available for checking: 'corpus.useR.2008.abstracts'
Flavors: r-devel-linux-x86_64-debian-clang, r-devel-linux-x86_64-debian-gcc, r-devel-linux-x86_64-fedora-clang, r-devel-linux-x86_64-fedora-gcc, r-devel-windows-x86_64, r-patched-linux-x86_64, r-release-linux-x86_64, r-release-macos-arm64, r-release-macos-x86_64, r-release-windows-x86_64, r-oldrel-macos-arm64, r-oldrel-macos-x86_64, r-oldrel-windows-ix86+x86_64