Last updated on 2022-05-16 07:49:07 CEST.
Flavor | Version | Tinstall | Tcheck | Ttotal | Status | Flags |
---|---|---|---|---|---|---|
r-devel-linux-x86_64-debian-clang | 0.9.0 | 7.54 | 86.78 | 94.32 | NOTE | |
r-devel-linux-x86_64-debian-gcc | 0.9.0 | 5.93 | 64.49 | 70.42 | NOTE | |
r-devel-linux-x86_64-fedora-clang | 0.9.0 | 111.49 | NOTE | |||
r-devel-linux-x86_64-fedora-gcc | 0.9.0 | 104.84 | NOTE | |||
r-devel-windows-x86_64 | 0.9.0 | 40.00 | 109.00 | 149.00 | NOTE | |
r-patched-linux-x86_64 | 0.9.0 | 12.08 | 80.39 | 92.47 | NOTE | |
r-release-linux-x86_64 | 0.9.0 | 4.97 | 80.06 | 85.03 | NOTE | |
r-release-macos-arm64 | 0.9.0 | 30.00 | NOTE | |||
r-release-macos-x86_64 | 0.9.0 | 61.00 | NOTE | |||
r-release-windows-x86_64 | 0.9.0 | 52.00 | 108.00 | 160.00 | NOTE | |
r-oldrel-macos-arm64 | 0.9.0 | 39.00 | NOTE | |||
r-oldrel-macos-x86_64 | 0.9.0 | 56.00 | NOTE | |||
r-oldrel-windows-ix86+x86_64 | 0.9.0 | 17.00 | 106.00 | 123.00 | NOTE |
Version: 0.9.0
Check: LazyData
Result: NOTE
'LazyData' is specified without a 'data' directory
Flavors: r-devel-linux-x86_64-debian-clang, r-devel-linux-x86_64-debian-gcc, r-devel-linux-x86_64-fedora-clang, r-devel-linux-x86_64-fedora-gcc, r-devel-windows-x86_64, r-patched-linux-x86_64, r-release-linux-x86_64, r-release-macos-arm64, r-release-macos-x86_64, r-release-windows-x86_64, r-oldrel-macos-arm64, r-oldrel-macos-x86_64, r-oldrel-windows-ix86+x86_64