CRAN Package Check Results for Package mortAAR

Last updated on 2022-01-23 07:14:06 CET.

Flavor Version Tinstall Tcheck Ttotal Status Flags
r-devel-linux-x86_64-debian-clang 1.1.1 2.95 85.43 88.38 OK
r-devel-linux-x86_64-debian-gcc 1.1.1 3.54 70.27 73.81 OK
r-devel-linux-x86_64-fedora-clang 1.1.1 104.26 OK
r-devel-linux-x86_64-fedora-gcc 1.1.1 95.33 OK
r-devel-windows-x86_64-new-UL 1.1.1 77.00 116.00 193.00 WARN
r-devel-windows-x86_64-new-TK 1.1.1 WARN
r-patched-linux-x86_64 1.1.1 4.89 82.50 87.39 OK
r-release-linux-x86_64 1.1.1 3.54 82.79 86.33 OK
r-release-macos-arm64 1.1.1 OK
r-release-macos-x86_64 1.1.1 OK
r-release-windows-ix86+x86_64 1.1.1 8.00 109.00 117.00 OK
r-oldrel-macos-x86_64 1.1.1 OK
r-oldrel-windows-ix86+x86_64 1.1.1 8.00 102.00 110.00 OK

Check Details

Version: 1.1.1
Check: re-building of vignette outputs
Result: WARN
    Error(s) in re-building vignettes:
    --- re-building 'mortAAR_vignette-1.Rmd' using rmarkdown
    File .csl not found in resource path
    Error: processing vignette 'mortAAR_vignette-1.Rmd' failed with diagnostics:
    pandoc document conversion failed with error 99
    --- failed re-building 'mortAAR_vignette-1.Rmd'
    
    --- re-building 'mortAAR_vignette_extended.Rmd' using rmarkdown
    File .csl not found in resource path
    Error: processing vignette 'mortAAR_vignette_extended.Rmd' failed with diagnostics:
    pandoc document conversion failed with error 99
    --- failed re-building 'mortAAR_vignette_extended.Rmd'
    
    --- re-building 'mortAAR_vignette_lt_correction.Rmd' using rmarkdown
    File .csl not found in resource path
    Error: processing vignette 'mortAAR_vignette_lt_correction.Rmd' failed with diagnostics:
    pandoc document conversion failed with error 99
    --- failed re-building 'mortAAR_vignette_lt_correction.Rmd'
    
    --- re-building 'mortAAR_vignette_reproduction.Rmd' using rmarkdown
    Warning in get_engine(options$engine) :
     Unknown language engine 'oxcal' (must be registered via knit_engines$set()).
    File .csl not found in resource path
    Error: processing vignette 'mortAAR_vignette_reproduction.Rmd' failed with diagnostics:
    pandoc document conversion failed with error 99
    --- failed re-building 'mortAAR_vignette_reproduction.Rmd'
    
    SUMMARY: processing the following files failed:
     'mortAAR_vignette-1.Rmd' 'mortAAR_vignette_extended.Rmd' 'mortAAR_vignette_lt_correction.Rmd' 'mortAAR_vignette_reproduction.Rmd'
    
    Error: Vignette re-building failed.
    Execution halted
Flavors: r-devel-windows-x86_64-new-UL, r-devel-windows-x86_64-new-TK