Last updated on 2022-06-30 07:50:16 CEST.
Flavor | Version | Tinstall | Tcheck | Ttotal | Status | Flags |
---|---|---|---|---|---|---|
r-devel-linux-x86_64-debian-clang | 1.0.7 | 13.51 | 124.48 | 137.99 | OK | |
r-devel-linux-x86_64-debian-gcc | 1.0.7 | 7.22 | 92.56 | 99.78 | OK | |
r-devel-linux-x86_64-fedora-clang | 1.0.7 | 175.19 | NOTE | |||
r-devel-linux-x86_64-fedora-gcc | 1.0.7 | 170.46 | OK | |||
r-devel-windows-x86_64 | 1.0.7 | 59.00 | 159.00 | 218.00 | OK | |
r-patched-linux-x86_64 | 1.0.7 | 15.22 | 118.86 | 134.08 | OK | |
r-release-linux-x86_64 | 1.0.7 | 8.51 | 117.54 | 126.05 | OK | |
r-release-macos-arm64 | 1.0.7 | 52.00 | OK | |||
r-release-macos-x86_64 | 1.0.7 | 74.00 | OK | |||
r-release-windows-x86_64 | 1.0.7 | 45.00 | 157.00 | 202.00 | OK | |
r-oldrel-macos-arm64 | 1.0.7 | 68.00 | NOTE | |||
r-oldrel-macos-x86_64 | 1.0.7 | 109.00 | OK | |||
r-oldrel-windows-ix86+x86_64 | 1.0.7 | 25.00 | 170.00 | 195.00 | OK |
Version: 1.0.7
Check: Rd cross-references
Result: NOTE
Undeclared package ‘seewave’ in Rd xrefs
Flavor: r-devel-linux-x86_64-fedora-clang
Version: 1.0.7
Check: package dependencies
Result: NOTE
Package suggested but not available for checking: ‘RODBC’
Flavor: r-oldrel-macos-arm64
Version: 1.0.7
Check: Rd cross-references
Result: NOTE
Package unavailable to check Rd xrefs: ‘RODBC’
Flavor: r-oldrel-macos-arm64