CRAN Package Check Results for Package mongopipe

Last updated on 2022-05-17 07:53:10 CEST.

Flavor Version Tinstall Tcheck Ttotal Status Flags
r-devel-linux-x86_64-debian-clang 0.1.1 2.29 37.90 40.19 NOTE
r-devel-linux-x86_64-debian-gcc 0.1.1 2.08 29.78 31.86 NOTE
r-devel-linux-x86_64-fedora-clang 0.1.1 49.46 NOTE
r-devel-linux-x86_64-fedora-gcc 0.1.1 48.32 NOTE
r-devel-windows-x86_64 0.1.1 21.00 55.00 76.00 NOTE
r-patched-linux-x86_64 0.1.1 2.43 37.04 39.47 NOTE
r-release-linux-x86_64 0.1.1 2.60 37.14 39.74 NOTE
r-release-macos-arm64 0.1.1 17.00 NOTE
r-release-macos-x86_64 0.1.1 25.00 NOTE
r-release-windows-x86_64 0.1.1 25.00 60.00 85.00 NOTE
r-oldrel-macos-arm64 0.1.1 20.00 NOTE
r-oldrel-macos-x86_64 0.1.1 30.00 NOTE
r-oldrel-windows-ix86+x86_64 0.1.1 7.00 57.00 64.00 NOTE

Check Details

Version: 0.1.1
Check: LazyData
Result: NOTE
     'LazyData' is specified without a 'data' directory
Flavors: r-devel-linux-x86_64-debian-clang, r-devel-linux-x86_64-debian-gcc, r-devel-linux-x86_64-fedora-clang, r-devel-linux-x86_64-fedora-gcc, r-devel-windows-x86_64, r-patched-linux-x86_64, r-release-linux-x86_64, r-release-macos-arm64, r-release-macos-x86_64, r-release-windows-x86_64, r-oldrel-macos-arm64, r-oldrel-macos-x86_64, r-oldrel-windows-ix86+x86_64