Last updated on 2022-05-21 07:55:29 CEST.
Flavor | Version | Tinstall | Tcheck | Ttotal | Status | Flags |
---|---|---|---|---|---|---|
r-devel-linux-x86_64-debian-clang | 3.1.3 | 173.21 | 314.31 | 487.52 | OK | |
r-devel-linux-x86_64-debian-gcc | 3.1.3 | 138.71 | 243.89 | 382.60 | OK | |
r-devel-linux-x86_64-fedora-clang | 3.1.3 | 672.63 | NOTE | |||
r-devel-linux-x86_64-fedora-gcc | 3.1.3 | 672.02 | OK | |||
r-devel-windows-x86_64 | 3.1.3 | 162.00 | 381.00 | 543.00 | OK | |
r-patched-linux-x86_64 | 3.1.3 | 147.17 | 322.88 | 470.05 | OK | |
r-release-linux-x86_64 | 3.1.3 | 144.88 | 332.39 | 477.27 | OK | |
r-release-macos-arm64 | 3.1.3 | 144.00 | NOTE | |||
r-release-macos-x86_64 | 3.1.3 | 304.00 | NOTE | |||
r-release-windows-x86_64 | 3.1.3 | 164.00 | 389.00 | 553.00 | OK | |
r-oldrel-macos-arm64 | 3.1.3 | 152.00 | NOTE | |||
r-oldrel-macos-x86_64 | 3.1.3 | 204.00 | NOTE | |||
r-oldrel-windows-ix86+x86_64 | 3.1.3 | 433.00 | 549.00 | 982.00 | OK |
Version: 3.1.3
Check: installed package size
Result: NOTE
installed size is 5.1Mb
sub-directories of 1Mb or more:
libs 3.6Mb
Flavors: r-devel-linux-x86_64-fedora-clang, r-release-macos-arm64, r-release-macos-x86_64, r-oldrel-macos-arm64, r-oldrel-macos-x86_64