CRAN Package Check Results for Package molic

Last updated on 2022-01-22 06:48:58 CET.

Flavor Version Tinstall Tcheck Ttotal Status Flags
r-devel-linux-x86_64-debian-clang 2.0.3 39.84 159.42 199.26 OK
r-devel-linux-x86_64-debian-gcc 2.0.3 31.52 115.38 146.90 OK
r-devel-linux-x86_64-fedora-clang 2.0.3 237.27 NOTE
r-devel-linux-x86_64-fedora-gcc 2.0.3 230.87 OK
r-devel-windows-x86_64-new-UL 2.0.3 91.00 230.00 321.00 OK
r-devel-windows-x86_64-new-TK 2.0.3 OK
r-patched-linux-x86_64 2.0.3 37.78 144.13 181.91 OK
r-release-linux-x86_64 2.0.3 39.02 147.00 186.02 OK
r-release-macos-arm64 2.0.3 NOTE
r-release-macos-x86_64 2.0.3 NOTE
r-release-windows-ix86+x86_64 2.0.3 94.00 249.00 343.00 NOTE
r-oldrel-macos-x86_64 2.0.3 NOTE
r-oldrel-windows-ix86+x86_64 2.0.3 95.00 240.00 335.00 NOTE

Check Details

Version: 2.0.3
Check: installed package size
Result: NOTE
     installed size is 5.2Mb
     sub-directories of 1Mb or more:
     extdata 1.6Mb
     libs 2.3Mb
Flavors: r-devel-linux-x86_64-fedora-clang, r-release-macos-arm64, r-release-macos-x86_64, r-release-windows-ix86+x86_64, r-oldrel-macos-x86_64, r-oldrel-windows-ix86+x86_64