CRAN Package Check Results for Package moexer

Last updated on 2022-05-26 06:55:45 CEST.

Flavor Version Tinstall Tcheck Ttotal Status Flags
r-devel-linux-x86_64-debian-clang 0.1.0 5.39 61.71 67.10 NOTE
r-devel-linux-x86_64-debian-gcc 0.1.0 4.43 53.46 57.89 NOTE
r-devel-linux-x86_64-fedora-clang 0.1.0 81.17 NOTE
r-devel-linux-x86_64-fedora-gcc 0.1.0 76.35 NOTE
r-devel-windows-x86_64 0.1.0 16.00 84.00 100.00 NOTE
r-patched-linux-x86_64 0.1.0 4.24 58.29 62.53 NOTE
r-release-linux-x86_64 0.1.0 NOTE
r-release-macos-arm64 0.1.0 30.00 NOTE
r-release-macos-x86_64 0.1.0 58.00 NOTE
r-release-windows-x86_64 0.1.0 22.00 77.00 99.00 NOTE
r-oldrel-macos-arm64 0.1.0 43.00 NOTE
r-oldrel-macos-x86_64 0.1.0 56.00 NOTE
r-oldrel-windows-ix86+x86_64 0.1.0 15.00 71.00 86.00 NOTE

Check Details

Version: 0.1.0
Check: LazyData
Result: NOTE
     'LazyData' is specified without a 'data' directory
Flavors: r-devel-linux-x86_64-debian-clang, r-devel-linux-x86_64-debian-gcc, r-devel-linux-x86_64-fedora-clang, r-devel-linux-x86_64-fedora-gcc, r-devel-windows-x86_64, r-patched-linux-x86_64, r-release-linux-x86_64, r-release-macos-arm64, r-release-macos-x86_64, r-release-windows-x86_64, r-oldrel-macos-arm64, r-oldrel-macos-x86_64, r-oldrel-windows-ix86+x86_64