Last updated on 2022-05-27 07:50:09 CEST.
Flavor | Version | Tinstall | Tcheck | Ttotal | Status | Flags |
---|---|---|---|---|---|---|
r-devel-linux-x86_64-debian-clang | 0.5.4 | 11.52 | 120.66 | 132.18 | OK | |
r-devel-linux-x86_64-debian-gcc | 0.5.4 | 9.43 | 91.22 | 100.65 | OK | |
r-devel-linux-x86_64-fedora-clang | 0.5.4 | 154.19 | NOTE | |||
r-devel-linux-x86_64-fedora-gcc | 0.5.4 | 141.35 | NOTE | |||
r-devel-windows-x86_64 | 0.5.4 | 96.00 | 212.00 | 308.00 | OK | |
r-patched-linux-x86_64 | 0.5.4 | 7.60 | 114.67 | 122.27 | OK | |
r-release-linux-x86_64 | 0.5.4 | 7.26 | 113.94 | 121.20 | OK | |
r-release-macos-arm64 | 0.5.4 | 49.00 | NOTE | |||
r-release-macos-x86_64 | 0.5.4 | 71.00 | NOTE | |||
r-release-windows-x86_64 | 0.5.4 | 194.00 | 155.00 | 349.00 | OK | |
r-oldrel-macos-arm64 | 0.5.4 | 51.00 | NOTE | |||
r-oldrel-macos-x86_64 | 0.5.4 | 67.00 | NOTE | |||
r-oldrel-windows-ix86+x86_64 | 0.5.4 | 25.00 | 153.00 | 178.00 | OK |
Version: 0.5.4
Check: data for non-ASCII characters
Result: NOTE
Note: found 5238 marked UTF-8 strings
Flavors: r-devel-linux-x86_64-fedora-clang, r-devel-linux-x86_64-fedora-gcc, r-release-macos-arm64, r-release-macos-x86_64, r-oldrel-macos-arm64, r-oldrel-macos-x86_64