CRAN Package Check Results for Package modelsummary

Last updated on 2022-07-05 07:51:00 CEST.

Flavor Version Tinstall Tcheck Ttotal Status Flags
r-devel-linux-x86_64-debian-clang 1.0.0 8.09 67.53 75.62 OK
r-devel-linux-x86_64-debian-gcc 1.0.0 7.27 49.79 57.06 OK
r-devel-linux-x86_64-fedora-clang 1.0.0 106.52 OK
r-devel-linux-x86_64-fedora-gcc 1.0.0 104.38 OK
r-devel-windows-x86_64 1.0.0 166.00 94.00 260.00 OK
r-patched-linux-x86_64 1.0.0 7.59 64.18 71.77 OK
r-release-linux-x86_64 1.0.0 6.75 62.66 69.41 OK
r-release-macos-arm64 1.0.0 7.00 ERROR
r-release-macos-x86_64 1.0.0 42.00 OK
r-release-windows-x86_64 1.0.0 129.00 125.00 254.00 OK
r-oldrel-macos-arm64 1.0.0 30.00 OK
r-oldrel-macos-x86_64 1.0.0 40.00 OK
r-oldrel-windows-ix86+x86_64 1.0.0 20.00 82.00 102.00 OK

Check Details

Version: 1.0.0
Check: package dependencies
Result: ERROR
    Package required and available but unsuitable version: ‘performance’
    
    See section ‘The DESCRIPTION file’ in the ‘Writing R Extensions’
    manual.
Flavor: r-release-macos-arm64