CRAN Package Check Results for Package modelStudio

Last updated on 2022-01-26 06:50:21 CET.

Flavor Version Tinstall Tcheck Ttotal Status Flags
r-devel-linux-x86_64-debian-clang 3.0.0 4.69 413.38 418.07 OK
r-devel-linux-x86_64-debian-gcc 3.0.0 3.56 324.52 328.08 OK
r-devel-linux-x86_64-fedora-clang 3.0.0 454.55 OK
r-devel-linux-x86_64-fedora-gcc 3.0.0 441.59 OK
r-devel-windows-x86_64-new-UL 3.0.0 67.00 347.00 414.00 OK
r-devel-windows-x86_64-new-TK 3.0.0 OK
r-patched-linux-x86_64 3.0.0 4.23 379.74 383.97 OK
r-release-linux-x86_64 3.0.0 4.90 377.47 382.37 OK
r-release-macos-arm64 3.0.0 OK
r-release-macos-x86_64 3.0.0 WARN
r-release-windows-ix86+x86_64 3.0.0 11.00 363.00 374.00 OK
r-oldrel-macos-x86_64 3.0.0 WARN
r-oldrel-windows-ix86+x86_64 3.0.0 10.00 348.00 358.00 OK

Check Details

Version: 3.0.0
Check: re-building of vignette outputs
Result: WARN
    Error(s) in re-building vignettes:
    --- re-building ‘ms-perks-features.Rmd’ using rmarkdown
    Warning in engine$weave(file, quiet = quiet, encoding = enc) :
     Pandoc (>= 1.12.3) not available. Falling back to R Markdown v1.
    --- finished re-building ‘ms-perks-features.Rmd’
    
    --- re-building ‘ms-r-python-examples.Rmd’ using rmarkdown
    Warning in engine$weave(file, quiet = quiet, encoding = enc) :
     Pandoc (>= 1.12.3) not available. Falling back to R Markdown v1.
    --- finished re-building ‘ms-r-python-examples.Rmd’
    
    --- re-building ‘ms-rmarkdown.Rmd’ using rmarkdown
    Warning in engine$weave(file, quiet = quiet, encoding = enc) :
     Pandoc (>= 1.12.3) not available. Falling back to R Markdown v1.
    Welcome to DALEX (version: 2.2.1).
    Find examples and detailed introduction at: http://ema.drwhy.ai/
    
    `new_observation` argument is NULL. `new_observation_n` observations needed to calculate local explanations are taken from the data.
    
    PhantomJS not found. You can install it with webshot::install_phantomjs(). If it is installed, please make sure the phantomjs executable can be found via the PATH variable.
    PhantomJS not found. You can install it with webshot::install_phantomjs(). If it is installed, please make sure the phantomjs executable can be found via the PATH variable.
    Quitting from lines 59-75 (ms-rmarkdown.Rmd)
    Error: processing vignette 'ms-rmarkdown.Rmd' failed with diagnostics:
    invalid 'path' argument
    --- failed re-building ‘ms-rmarkdown.Rmd’
    
    SUMMARY: processing the following file failed:
     ‘ms-rmarkdown.Rmd’
    
    Error: Vignette re-building failed.
    Execution halted
Flavors: r-release-macos-x86_64, r-oldrel-macos-x86_64