CRAN Package Check Results for Package modeLLtest

Last updated on 2022-01-22 06:48:58 CET.

Flavor Version Tinstall Tcheck Ttotal Status Flags
r-devel-linux-x86_64-debian-clang 1.0.3 80.90 159.04 239.94 OK
r-devel-linux-x86_64-debian-gcc 1.0.3 61.96 119.12 181.08 OK
r-devel-linux-x86_64-fedora-clang 1.0.3 326.80 NOTE
r-devel-linux-x86_64-fedora-gcc 1.0.3 299.32 NOTE
r-devel-windows-x86_64-new-UL 1.0.3 112.00 194.00 306.00 OK
r-devel-windows-x86_64-new-TK 1.0.3 NOTE
r-patched-linux-x86_64 1.0.3 76.49 150.40 226.89 OK
r-release-linux-x86_64 1.0.3 61.18 150.37 211.55 OK
r-release-macos-arm64 1.0.3 NOTE
r-release-macos-x86_64 1.0.3 NOTE
r-release-windows-ix86+x86_64 1.0.3 222.00 276.00 498.00 OK
r-oldrel-macos-x86_64 1.0.3 NOTE
r-oldrel-windows-ix86+x86_64 1.0.3 225.00 273.00 498.00 OK

Check Details

Version: 1.0.3
Check: data for non-ASCII characters
Result: NOTE
     Note: found 18 marked Latin-1 strings
Flavors: r-devel-linux-x86_64-fedora-clang, r-devel-linux-x86_64-fedora-gcc, r-devel-windows-x86_64-new-TK, r-release-macos-arm64, r-release-macos-x86_64, r-oldrel-macos-x86_64