Last updated on 2022-07-02 07:07:04 CEST.
Flavor | Version | Tinstall | Tcheck | Ttotal | Status | Flags |
---|---|---|---|---|---|---|
r-devel-linux-x86_64-debian-clang | 0.2.3 | 13.82 | 205.53 | 219.35 | OK | |
r-devel-linux-x86_64-debian-gcc | 0.2.3 | 9.19 | 145.96 | 155.15 | OK | |
r-devel-linux-x86_64-fedora-clang | 0.2.3 | 262.01 | NOTE | |||
r-devel-linux-x86_64-fedora-gcc | 0.2.3 | 260.22 | OK | |||
r-devel-windows-x86_64 | 0.2.3 | 22.00 | 228.00 | 250.00 | OK | |
r-patched-linux-x86_64 | 0.2.3 | 10.57 | 190.28 | 200.85 | OK | |
r-release-linux-x86_64 | 0.2.3 | 8.86 | 188.68 | 197.54 | OK | |
r-release-macos-arm64 | 0.2.3 | 68.00 | OK | |||
r-release-macos-x86_64 | 0.2.3 | 146.00 | OK | |||
r-release-windows-x86_64 | 0.2.3 | 16.00 | 238.00 | 254.00 | OK | |
r-oldrel-macos-arm64 | 0.2.3 | 86.00 | OK | |||
r-oldrel-macos-x86_64 | 0.2.3 | 146.00 | OK | |||
r-oldrel-windows-ix86+x86_64 | 0.2.3 | 30.00 | 220.00 | 250.00 | OK |
Version: 0.2.3
Check: Rd cross-references
Result: NOTE
Undeclared package ‘geomorph’ in Rd xrefs
Flavor: r-devel-linux-x86_64-fedora-clang