Last updated on 2022-07-03 07:51:58 CEST.
Flavor | Version | Tinstall | Tcheck | Ttotal | Status | Flags |
---|---|---|---|---|---|---|
r-devel-linux-x86_64-debian-clang | 1.1.5 | 20.41 | 356.78 | 377.19 | NOTE | |
r-devel-linux-x86_64-debian-gcc | 1.1.5 | 14.51 | 253.80 | 268.31 | NOTE | |
r-devel-linux-x86_64-fedora-clang | 1.1.5 | 433.32 | NOTE | |||
r-devel-linux-x86_64-fedora-gcc | 1.1.5 | 437.69 | NOTE | |||
r-devel-windows-x86_64 | 1.1.5 | 67.00 | 379.00 | 446.00 | NOTE | |
r-patched-linux-x86_64 | 1.1.5 | 24.80 | 355.65 | 380.45 | NOTE | |
r-release-linux-x86_64 | 1.1.5 | 21.64 | 355.53 | 377.17 | NOTE | |
r-release-macos-arm64 | 1.1.5 | 223.00 | NOTE | |||
r-release-macos-x86_64 | 1.1.5 | 378.00 | NOTE | |||
r-release-windows-x86_64 | 1.1.5 | 62.00 | 390.00 | 452.00 | NOTE | |
r-oldrel-macos-arm64 | 1.1.5 | 339.00 | NOTE | |||
r-oldrel-macos-x86_64 | 1.1.5 | 348.00 | NOTE | |||
r-oldrel-windows-ix86+x86_64 | 1.1.5 | 47.00 | 580.00 | 627.00 | NOTE |
Version: 1.1.5
Check: Rd files
Result: NOTE
checkRd: (-1) mbo_OptPath.Rd:17: Escaped LaTeX specials: \_
checkRd: (-1) mbo_OptPath.Rd:18: Escaped LaTeX specials: \_
checkRd: (-1) mbo_OptPath.Rd:19: Escaped LaTeX specials: \_
checkRd: (-1) mbo_OptPath.Rd:20: Escaped LaTeX specials: \_
Flavors: r-devel-linux-x86_64-debian-clang, r-devel-linux-x86_64-debian-gcc, r-devel-linux-x86_64-fedora-clang, r-devel-linux-x86_64-fedora-gcc, r-devel-windows-x86_64
Version: 1.1.5
Check: LazyData
Result: NOTE
'LazyData' is specified without a 'data' directory
Flavors: r-devel-linux-x86_64-debian-clang, r-devel-linux-x86_64-debian-gcc, r-devel-linux-x86_64-fedora-clang, r-devel-linux-x86_64-fedora-gcc, r-devel-windows-x86_64, r-patched-linux-x86_64, r-release-linux-x86_64, r-release-macos-arm64, r-release-macos-x86_64, r-release-windows-x86_64, r-oldrel-macos-arm64, r-oldrel-macos-x86_64, r-oldrel-windows-ix86+x86_64