CRAN Package Check Results for Package mlr3viz

Last updated on 2022-05-21 07:55:29 CEST.

Flavor Version Tinstall Tcheck Ttotal Status Flags
r-devel-linux-x86_64-debian-clang 0.5.8 9.05 200.60 209.65 ERROR
r-devel-linux-x86_64-debian-gcc 0.5.8 6.16 140.35 146.51 ERROR
r-devel-linux-x86_64-fedora-clang 0.5.8 125.76 ERROR
r-devel-linux-x86_64-fedora-gcc 0.5.8 112.75 ERROR
r-devel-windows-x86_64 0.5.8 209.00 218.00 427.00 OK
r-patched-linux-x86_64 0.5.8 8.02 177.19 185.21 ERROR
r-release-linux-x86_64 0.5.8 7.15 176.16 183.31 ERROR
r-release-macos-arm64 0.5.8 63.00 OK
r-release-macos-x86_64 0.5.8 107.00 OK
r-release-windows-x86_64 0.5.8 238.00 218.00 456.00 OK
r-oldrel-macos-arm64 0.5.8 57.00 OK
r-oldrel-macos-x86_64 0.5.8 75.00 OK
r-oldrel-windows-ix86+x86_64 0.5.8 18.00 213.00 231.00 OK

Check Details

Version: 0.5.8
Check: package dependencies
Result: NOTE
    Package suggested but not available for checking: 'mlr3proba'
Flavors: r-devel-linux-x86_64-debian-clang, r-devel-linux-x86_64-debian-gcc, r-devel-linux-x86_64-fedora-clang, r-devel-linux-x86_64-fedora-gcc, r-patched-linux-x86_64, r-release-linux-x86_64

Version: 0.5.8
Check: Rd cross-references
Result: NOTE
    Unknown package 'mlr3proba' in Rd xrefs
Flavors: r-devel-linux-x86_64-debian-clang, r-devel-linux-x86_64-debian-gcc, r-devel-linux-x86_64-fedora-clang, r-devel-linux-x86_64-fedora-gcc, r-patched-linux-x86_64, r-release-linux-x86_64

Version: 0.5.8
Check: examples
Result: ERROR
    Running examples in 'mlr3viz-Ex.R' failed
    The error most likely occurred in:
    
    > base::assign(".ptime", proc.time(), pos = "CheckExEnv")
    > ### Name: autoplot.PredictionSurv
    > ### Title: Plot for PredictionSurv
    > ### Aliases: autoplot.PredictionSurv
    >
    > ### ** Examples
    >
    > library(mlr3)
    > library(mlr3proba)
    Error in library(mlr3proba) : there is no package called 'mlr3proba'
    Execution halted
Flavors: r-devel-linux-x86_64-debian-clang, r-devel-linux-x86_64-debian-gcc, r-patched-linux-x86_64, r-release-linux-x86_64

Version: 0.5.8
Check: examples
Result: ERROR
    Running examples in ‘mlr3viz-Ex.R’ failed
    The error most likely occurred in:
    
    > ### Name: autoplot.PredictionSurv
    > ### Title: Plot for PredictionSurv
    > ### Aliases: autoplot.PredictionSurv
    >
    > ### ** Examples
    >
    > library(mlr3)
    > library(mlr3proba)
    Error in library(mlr3proba) : there is no package called ‘mlr3proba’
    Execution halted
Flavors: r-devel-linux-x86_64-fedora-clang, r-devel-linux-x86_64-fedora-gcc