Last updated on 2022-08-13 07:55:26 CEST.
Flavor | Version | Tinstall | Tcheck | Ttotal | Status | Flags |
---|---|---|---|---|---|---|
r-devel-linux-x86_64-debian-clang | 3.4.2.1 | 3075.38 | 69.86 | 3145.24 | WARN | |
r-devel-linux-x86_64-debian-gcc | 3.4.2.1 | 2053.51 | 51.73 | 2105.24 | NOTE | |
r-devel-linux-x86_64-fedora-clang | 3.4.2.1 | 5382.58 | WARN | |||
r-devel-linux-x86_64-fedora-gcc | 3.4.2.1 | 3592.58 | NOTE | |||
r-devel-windows-x86_64 | 3.4.2.1 | 2697.00 | 465.00 | 3162.00 | NOTE | |
r-patched-linux-x86_64 | 3.4.2.1 | 2107.81 | 63.17 | 2170.98 | NOTE | |
r-release-linux-x86_64 | 3.4.2.1 | 2118.80 | 62.85 | 2181.65 | NOTE | |
r-release-macos-arm64 | 3.4.2.1 | 830.00 | NOTE | |||
r-release-macos-x86_64 | 3.4.2.1 | 953.00 | NOTE | |||
r-release-windows-x86_64 | 3.4.2.1 | 2299.00 | 470.00 | 2769.00 | NOTE | |
r-oldrel-macos-arm64 | 3.4.2.1 | 918.00 | NOTE | |||
r-oldrel-macos-x86_64 | 3.4.2.1 | 1527.00 | NOTE | |||
r-oldrel-windows-ix86+x86_64 | 3.4.2.1 | 5093.00 | 437.00 | 5530.00 | NOTE |
Version: 3.4.2.1
Check: whether package can be installed
Result: WARN
Found the following significant warnings:
./mlpack/core/tree/rectangle_tree/x_tree_split_impl.hpp:152:17: warning: use of bitwise '&' with boolean operands [-Wbitwise-instead-of-logical]
./mlpack/core/tree/rectangle_tree/x_tree_split_impl.hpp:167:19: warning: use of bitwise '&' with boolean operands [-Wbitwise-instead-of-logical]
Flavors: r-devel-linux-x86_64-debian-clang, r-devel-linux-x86_64-fedora-clang
Version: 3.4.2.1
Check: LazyData
Result: NOTE
'LazyData' is specified without a 'data' directory
Flavors: r-devel-linux-x86_64-debian-clang, r-devel-linux-x86_64-debian-gcc, r-devel-linux-x86_64-fedora-clang, r-devel-linux-x86_64-fedora-gcc, r-devel-windows-x86_64, r-patched-linux-x86_64, r-release-linux-x86_64, r-release-macos-arm64, r-release-macos-x86_64, r-release-windows-x86_64, r-oldrel-macos-arm64, r-oldrel-macos-x86_64, r-oldrel-windows-ix86+x86_64
Version: 3.4.2.1
Check: installed package size
Result: NOTE
installed size is 278.5Mb
sub-directories of 1Mb or more:
libs 278.0Mb
Flavors: r-devel-linux-x86_64-fedora-clang, r-devel-windows-x86_64, r-release-macos-arm64, r-release-macos-x86_64, r-release-windows-x86_64, r-oldrel-macos-arm64, r-oldrel-macos-x86_64, r-oldrel-windows-ix86+x86_64