CRAN Package Check Results for Package mitools

Last updated on 2022-05-25 07:50:25 CEST.

Flavor Version Tinstall Tcheck Ttotal Status Flags
r-devel-linux-x86_64-debian-clang 2.4 2.65 46.19 48.84 OK
r-devel-linux-x86_64-debian-gcc 2.4 2.22 36.20 38.42 OK
r-devel-linux-x86_64-fedora-clang 2.4 61.02 OK
r-devel-linux-x86_64-fedora-gcc 2.4 49.39 OK
r-devel-windows-x86_64 2.4 22.00 69.00 91.00 OK
r-patched-linux-x86_64 2.4 2.98 45.32 48.30 OK
r-release-linux-x86_64 2.4 OK
r-release-macos-arm64 2.4 21.00 OK
r-release-macos-x86_64 2.4 33.00 OK
r-release-windows-x86_64 2.4 12.00 69.00 81.00 OK
r-oldrel-macos-arm64 2.4 26.00 NOTE
r-oldrel-macos-x86_64 2.4 42.00 OK
r-oldrel-windows-ix86+x86_64 2.4 8.00 57.00 65.00 OK

Check Details

Version: 2.4
Check: package dependencies
Result: NOTE
    Package suggested but not available for checking: ‘RODBC’
Flavor: r-oldrel-macos-arm64