Last updated on 2022-08-17 07:52:32 CEST.
Flavor | Version | Tinstall | Tcheck | Ttotal | Status | Flags |
---|---|---|---|---|---|---|
r-devel-linux-x86_64-debian-clang | 1.5 | 3.13 | 42.30 | 45.43 | OK | |
r-devel-linux-x86_64-debian-gcc | 1.5 | OK | ||||
r-devel-linux-x86_64-fedora-clang | 1.5 | 69.64 | OK | |||
r-devel-linux-x86_64-fedora-gcc | 1.5 | 66.84 | OK | |||
r-devel-windows-x86_64 | 1.5 | 19.00 | 86.00 | 105.00 | OK | |
r-patched-linux-x86_64 | 1.5 | 5.23 | 40.11 | 45.34 | OK | |
r-release-linux-x86_64 | 1.5 | 2.77 | 41.26 | 44.03 | OK | |
r-release-macos-arm64 | 1.5 | 36.00 | OK | |||
r-release-macos-x86_64 | 1.5 | 45.00 | OK | |||
r-release-windows-x86_64 | 1.5 | 15.00 | 87.00 | 102.00 | OK | |
r-oldrel-macos-arm64 | 1.5 | 32.00 | OK | |||
r-oldrel-macos-x86_64 | 1.5 | 48.00 | OK | |||
r-oldrel-windows-ix86+x86_64 | 1.5 | 6.00 | 59.00 | 65.00 | WARN |
Version: 1.5
Check: re-building of vignette outputs
Result: WARN
Error(s) in re-building vignettes:
--- re-building 'missForest_1.5.Rnw' using Sweave
Loading required package: foreach
Loading required package: missForest
Warning in file(file, "r") :
InternetOpenUrl failed: 'Die Serververbindung konnte nicht hergestellt werden.'
Error: processing vignette 'missForest_1.5.Rnw' failed with diagnostics:
chunk 15 (label = muskData)
Error in file(file, "r") : cannot open the connection
--- failed re-building 'missForest_1.5.Rnw'
SUMMARY: processing the following file failed:
'missForest_1.5.Rnw'
Error: Vignette re-building failed.
Execution halted
Flavor: r-oldrel-windows-ix86+x86_64