Last updated on 2022-07-06 07:49:03 CEST.
Flavor | Version | Tinstall | Tcheck | Ttotal | Status | Flags |
---|---|---|---|---|---|---|
r-devel-linux-x86_64-debian-clang | 0.6-26 | 2.69 | 29.44 | 32.13 | OK | |
r-devel-linux-x86_64-debian-gcc | 0.6-26 | 2.09 | 23.20 | 25.29 | OK | |
r-devel-linux-x86_64-fedora-clang | 0.6-26 | 52.29 | NOTE | |||
r-devel-linux-x86_64-fedora-gcc | 0.6-26 | 53.24 | OK | |||
r-devel-windows-x86_64 | 0.6-26 | 20.00 | 57.00 | 77.00 | OK | |
r-patched-linux-x86_64 | 0.6-26 | 3.18 | 28.41 | 31.59 | OK | |
r-release-linux-x86_64 | 0.6-26 | 2.12 | 29.04 | 31.16 | OK | |
r-release-macos-arm64 | 0.6-26 | 18.00 | OK | |||
r-release-macos-x86_64 | 0.6-26 | 26.00 | OK | |||
r-release-windows-x86_64 | 0.6-26 | 16.00 | 57.00 | 73.00 | OK | |
r-oldrel-macos-arm64 | 0.6-26 | 23.00 | OK | |||
r-oldrel-macos-x86_64 | 0.6-26 | 31.00 | OK | |||
r-oldrel-windows-ix86+x86_64 | 0.6-26 | 7.00 | 49.00 | 56.00 | OK |
Version: 0.6-26
Check: Rd cross-references
Result: NOTE
Undeclared package ‘maxLik’ in Rd xrefs
Flavor: r-devel-linux-x86_64-fedora-clang