CRAN Package Check Results for Package miniUI

Last updated on 2022-07-07 07:51:27 CEST.

Flavor Version Tinstall Tcheck Ttotal Status Flags
r-devel-linux-x86_64-debian-clang 0.1.1.1 4.36 36.99 41.35 NOTE
r-devel-linux-x86_64-debian-gcc 0.1.1.1 3.33 28.95 32.28 NOTE
r-devel-linux-x86_64-fedora-clang 0.1.1.1 59.36 NOTE
r-devel-linux-x86_64-fedora-gcc 0.1.1.1 58.95 NOTE
r-devel-windows-x86_64 0.1.1.1 7.00 60.00 67.00 NOTE
r-patched-linux-x86_64 0.1.1.1 5.83 35.58 41.41 NOTE
r-release-linux-x86_64 0.1.1.1 3.84 36.68 40.52 NOTE
r-release-macos-arm64 0.1.1.1 20.00 NOTE
r-release-macos-x86_64 0.1.1.1 26.00 NOTE
r-release-windows-x86_64 0.1.1.1 11.00 64.00 75.00 NOTE
r-oldrel-macos-arm64 0.1.1.1 23.00 NOTE
r-oldrel-macos-x86_64 0.1.1.1 37.00 NOTE
r-oldrel-windows-ix86+x86_64 0.1.1.1 10.00 60.00 70.00 NOTE

Check Details

Version: 0.1.1.1
Check: LazyData
Result: NOTE
     'LazyData' is specified without a 'data' directory
Flavors: r-devel-linux-x86_64-debian-clang, r-devel-linux-x86_64-debian-gcc, r-devel-linux-x86_64-fedora-clang, r-devel-linux-x86_64-fedora-gcc, r-devel-windows-x86_64, r-patched-linux-x86_64, r-release-linux-x86_64, r-release-macos-arm64, r-release-macos-x86_64, r-release-windows-x86_64, r-oldrel-macos-arm64, r-oldrel-macos-x86_64, r-oldrel-windows-ix86+x86_64