CRAN Package Check Results for Package mineCitrus

Last updated on 2022-07-04 07:49:00 CEST.

Flavor Version Tinstall Tcheck Ttotal Status Flags
r-devel-linux-x86_64-debian-clang 1.0.0 7.48 63.89 71.37 OK
r-devel-linux-x86_64-debian-gcc 1.0.0 5.71 48.37 54.08 OK
r-devel-linux-x86_64-fedora-clang 1.0.0 97.64 OK
r-devel-linux-x86_64-fedora-gcc 1.0.0 96.01 OK
r-devel-windows-x86_64 1.0.0 20.00 88.00 108.00 OK
r-patched-linux-x86_64 1.0.0 9.21 62.46 71.67 OK
r-release-linux-x86_64 1.0.0 7.90 60.87 68.77 OK
r-release-macos-arm64 1.0.0 28.00 NOTE
r-release-macos-x86_64 1.0.0 52.00 OK
r-release-windows-x86_64 1.0.0 28.00 89.00 117.00 OK
r-oldrel-macos-arm64 1.0.0 36.00 NOTE
r-oldrel-macos-x86_64 1.0.0 48.00 OK
r-oldrel-windows-ix86+x86_64 1.0.0 19.00 84.00 103.00 OK

Check Details

Version: 1.0.0
Check: installed package size
Result: NOTE
     installed size is 5.1Mb
     sub-directories of 1Mb or more:
     data 5.0Mb
Flavors: r-release-macos-arm64, r-oldrel-macos-arm64