CRAN Package Check Results for Package microservices

Last updated on 2022-05-16 07:49:06 CEST.

Flavor Version Tinstall Tcheck Ttotal Status Flags
r-devel-linux-x86_64-debian-clang 0.1.2 2.25 40.38 42.63 OK
r-devel-linux-x86_64-debian-gcc 0.1.2 2.03 31.13 33.16 OK
r-devel-linux-x86_64-fedora-clang 0.1.2 52.05 NOTE
r-devel-linux-x86_64-fedora-gcc 0.1.2 50.53 NOTE
r-devel-windows-x86_64 0.1.2 43.00 58.00 101.00 OK
r-patched-linux-x86_64 0.1.2 3.37 39.09 42.46 OK
r-release-linux-x86_64 0.1.2 3.22 38.21 41.43 OK
r-release-macos-arm64 0.1.2 17.00 NOTE
r-release-macos-x86_64 0.1.2 30.00 NOTE
r-release-windows-x86_64 0.1.2 71.00 54.00 125.00 OK
r-oldrel-macos-arm64 0.1.2 23.00 NOTE
r-oldrel-macos-x86_64 0.1.2 26.00 NOTE
r-oldrel-windows-ix86+x86_64 0.1.2 8.00 48.00 56.00 OK

Check Details

Version: 0.1.2
Check: dependencies in R code
Result: NOTE
    Namespaces in Imports field not imported from:
     ‘config’ ‘desc’ ‘dplyr’ ‘glue’ ‘withr’
     All declared Imports should be used.
Flavors: r-devel-linux-x86_64-fedora-clang, r-devel-linux-x86_64-fedora-gcc, r-release-macos-arm64, r-release-macos-x86_64, r-oldrel-macos-arm64, r-oldrel-macos-x86_64