Last updated on 2022-07-04 07:49:00 CEST.
Flavor | Version | Tinstall | Tcheck | Ttotal | Status | Flags |
---|---|---|---|---|---|---|
r-devel-linux-x86_64-debian-clang | 1.3.3 | 6.43 | 131.43 | 137.86 | NOTE | |
r-devel-linux-x86_64-debian-gcc | 1.3.3 | 4.75 | 98.01 | 102.76 | NOTE | |
r-devel-linux-x86_64-fedora-clang | 1.3.3 | 172.89 | NOTE | |||
r-devel-linux-x86_64-fedora-gcc | 1.3.3 | 167.92 | NOTE | |||
r-devel-windows-x86_64 | 1.3.3 | 16.00 | 171.00 | 187.00 | NOTE | |
r-patched-linux-x86_64 | 1.3.3 | 6.44 | 123.99 | 130.43 | NOTE | |
r-release-linux-x86_64 | 1.3.3 | 5.27 | 122.67 | 127.94 | NOTE | |
r-release-macos-arm64 | 1.3.3 | 47.00 | NOTE | |||
r-release-macos-x86_64 | 1.3.3 | 93.00 | NOTE | |||
r-release-windows-x86_64 | 1.3.3 | 16.00 | 172.00 | 188.00 | NOTE | |
r-oldrel-macos-arm64 | 1.3.3 | 48.00 | NOTE | |||
r-oldrel-macos-x86_64 | 1.3.3 | 71.00 | NOTE | |||
r-oldrel-windows-ix86+x86_64 | 1.3.3 | 16.00 | 144.00 | 160.00 | NOTE |
Version: 1.3.3
Check: LazyData
Result: NOTE
'LazyData' is specified without a 'data' directory
Flavors: r-devel-linux-x86_64-debian-clang, r-devel-linux-x86_64-debian-gcc, r-devel-linux-x86_64-fedora-clang, r-devel-linux-x86_64-fedora-gcc, r-devel-windows-x86_64, r-patched-linux-x86_64, r-release-linux-x86_64, r-release-macos-arm64, r-release-macos-x86_64, r-release-windows-x86_64, r-oldrel-macos-arm64, r-oldrel-macos-x86_64, r-oldrel-windows-ix86+x86_64