CRAN Package Check Results for Package mgarchBEKK

Last updated on 2022-05-19 07:50:13 CEST.

Flavor Version Tinstall Tcheck Ttotal Status Flags
r-devel-linux-x86_64-debian-clang 0.0.2 4.34 48.21 52.55 NOTE
r-devel-linux-x86_64-debian-gcc 0.0.2 4.77 37.77 42.54 NOTE
r-devel-linux-x86_64-fedora-clang 0.0.2 66.51 NOTE
r-devel-linux-x86_64-fedora-gcc 0.0.2 63.90 NOTE
r-devel-windows-x86_64 0.0.2 17.00 68.00 85.00 NOTE
r-patched-linux-x86_64 0.0.2 5.40 46.57 51.97 NOTE
r-release-linux-x86_64 0.0.2 4.53 46.84 51.37 NOTE
r-release-macos-arm64 0.0.2 23.00 NOTE
r-release-macos-x86_64 0.0.2 31.00 NOTE
r-release-windows-x86_64 0.0.2 16.00 68.00 84.00 NOTE
r-oldrel-macos-arm64 0.0.2 29.00 NOTE
r-oldrel-macos-x86_64 0.0.2 40.00 NOTE
r-oldrel-windows-ix86+x86_64 0.0.2 18.00 84.00 102.00 NOTE

Check Details

Version: 0.0.2
Check: LazyData
Result: NOTE
     'LazyData' is specified without a 'data' directory
Flavors: r-devel-linux-x86_64-debian-clang, r-devel-linux-x86_64-debian-gcc, r-devel-linux-x86_64-fedora-clang, r-devel-linux-x86_64-fedora-gcc, r-devel-windows-x86_64, r-patched-linux-x86_64, r-release-linux-x86_64, r-release-macos-arm64, r-release-macos-x86_64, r-release-windows-x86_64, r-oldrel-macos-arm64, r-oldrel-macos-x86_64, r-oldrel-windows-ix86+x86_64

Version: 0.0.2
Check: compiled code
Result: NOTE
    File ‘mgarchBEKK/libs/mgarchBEKK.so’:
     Found no calls to: ‘R_registerRoutines’, ‘R_useDynamicSymbols’
    
    It is good practice to register native routines and to disable symbol
    search.
    
    See ‘Writing portable packages’ in the ‘Writing R Extensions’ manual.
Flavors: r-devel-linux-x86_64-fedora-clang, r-devel-linux-x86_64-fedora-gcc