Last updated on 2022-05-27 07:50:09 CEST.
Flavor | Version | Tinstall | Tcheck | Ttotal | Status | Flags |
---|---|---|---|---|---|---|
r-devel-linux-x86_64-debian-clang | 1.2.9 | 353.08 | 541.84 | 894.92 | WARN | |
r-devel-linux-x86_64-debian-gcc | 1.2.9 | 305.26 | 397.16 | 702.42 | OK | |
r-devel-linux-x86_64-fedora-clang | 1.2.9 | 1199.90 | WARN | |||
r-devel-linux-x86_64-fedora-gcc | 1.2.9 | 1104.98 | OK | |||
r-devel-windows-x86_64 | 1.2.9 | 328.00 | 708.00 | 1036.00 | NOTE | |
r-patched-linux-x86_64 | 1.2.9 | 327.79 | 521.00 | 848.79 | OK | |
r-release-linux-x86_64 | 1.2.9 | 311.34 | 518.73 | 830.07 | OK | |
r-release-macos-arm64 | 1.2.9 | 285.00 | NOTE | |||
r-release-macos-x86_64 | 1.2.9 | 390.00 | NOTE | |||
r-release-windows-x86_64 | 1.2.9 | 346.00 | 672.00 | 1018.00 | NOTE | |
r-oldrel-macos-arm64 | 1.2.9 | 400.00 | NOTE | |||
r-oldrel-macos-x86_64 | 1.2.9 | 365.00 | NOTE | |||
r-oldrel-windows-ix86+x86_64 | 1.2.9 | 766.00 | 859.00 | 1625.00 | NOTE |
Version: 1.2.9
Check: whether package can be installed
Result: WARN
Found the following significant warnings:
fastcox.cpp:778:7: warning: use of bitwise '|' with boolean operands [-Wbitwise-instead-of-logical]
fastcox.cpp:779:7: warning: use of bitwise '|' with boolean operands [-Wbitwise-instead-of-logical]
fastcox.cpp:803:7: warning: use of bitwise '|' with boolean operands [-Wbitwise-instead-of-logical]
fastcox.cpp:804:7: warning: use of bitwise '|' with boolean operands [-Wbitwise-instead-of-logical]
fastcox.cpp:1735:77: warning: use of bitwise '&' with boolean operands [-Wbitwise-instead-of-logical]
fastcox.cpp:1735:42: warning: use of bitwise '&' with boolean operands [-Wbitwise-instead-of-logical]
Flavors: r-devel-linux-x86_64-debian-clang, r-devel-linux-x86_64-fedora-clang
Version: 1.2.9
Check: installed package size
Result: NOTE
installed size is 24.8Mb
sub-directories of 1Mb or more:
R 1.5Mb
data 2.8Mb
doc 4.1Mb
libs 15.5Mb
Flavors: r-devel-linux-x86_64-fedora-clang, r-devel-windows-x86_64, r-release-macos-arm64, r-release-macos-x86_64, r-release-windows-x86_64, r-oldrel-macos-arm64, r-oldrel-macos-x86_64, r-oldrel-windows-ix86+x86_64