CRAN Package Check Results for Package metools

Last updated on 2022-06-29 07:51:25 CEST.

Flavor Version Tinstall Tcheck Ttotal Status Flags
r-devel-linux-x86_64-debian-clang 1.0.0 5.18 50.17 55.35 NOTE
r-devel-linux-x86_64-debian-gcc 1.0.0 3.63 36.77 40.40 NOTE
r-devel-linux-x86_64-fedora-clang 1.0.0 74.78 NOTE
r-devel-linux-x86_64-fedora-gcc 1.0.0 72.99 NOTE
r-devel-windows-x86_64 1.0.0 31.00 75.00 106.00 NOTE
r-patched-linux-x86_64 1.0.0 4.16 46.89 51.05 NOTE
r-release-linux-x86_64 1.0.0 4.72 46.77 51.49 NOTE
r-release-macos-arm64 1.0.0 23.00 NOTE
r-release-macos-x86_64 1.0.0 37.00 NOTE
r-release-windows-x86_64 1.0.0 32.00 76.00 108.00 NOTE
r-oldrel-macos-arm64 1.0.0 27.00 NOTE
r-oldrel-macos-x86_64 1.0.0 45.00 NOTE
r-oldrel-windows-ix86+x86_64 1.0.0 10.00 69.00 79.00 NOTE

Check Details

Version: 1.0.0
Check: LazyData
Result: NOTE
     'LazyData' is specified without a 'data' directory
Flavors: r-devel-linux-x86_64-debian-clang, r-devel-linux-x86_64-debian-gcc, r-devel-linux-x86_64-fedora-clang, r-devel-linux-x86_64-fedora-gcc, r-devel-windows-x86_64, r-patched-linux-x86_64, r-release-linux-x86_64, r-release-macos-arm64, r-release-macos-x86_64, r-release-windows-x86_64, r-oldrel-macos-arm64, r-oldrel-macos-x86_64, r-oldrel-windows-ix86+x86_64