CRAN Package Check Results for Package metaplot

Last updated on 2022-05-16 07:49:06 CEST.

Flavor Version Tinstall Tcheck Ttotal Status Flags
r-devel-linux-x86_64-debian-clang 0.8.3 11.61 118.96 130.57 NOTE
r-devel-linux-x86_64-debian-gcc 0.8.3 6.56 86.55 93.11 NOTE
r-devel-linux-x86_64-fedora-clang 0.8.3 149.74 NOTE
r-devel-linux-x86_64-fedora-gcc 0.8.3 141.50 NOTE
r-devel-windows-x86_64 0.8.3 42.00 127.00 169.00 NOTE
r-patched-linux-x86_64 0.8.3 10.20 110.27 120.47 NOTE
r-release-linux-x86_64 0.8.3 7.86 110.08 117.94 NOTE
r-release-macos-arm64 0.8.3 39.00 NOTE
r-release-macos-x86_64 0.8.3 68.00 NOTE
r-release-windows-x86_64 0.8.3 58.00 129.00 187.00 NOTE
r-oldrel-macos-arm64 0.8.3 43.00 NOTE
r-oldrel-macos-x86_64 0.8.3 76.00 NOTE
r-oldrel-windows-ix86+x86_64 0.8.3 21.00 128.00 149.00 NOTE

Check Details

Version: 0.8.3
Check: LazyData
Result: NOTE
     'LazyData' is specified without a 'data' directory
Flavors: r-devel-linux-x86_64-debian-clang, r-devel-linux-x86_64-debian-gcc, r-devel-linux-x86_64-fedora-clang, r-devel-linux-x86_64-fedora-gcc, r-devel-windows-x86_64, r-patched-linux-x86_64, r-release-linux-x86_64, r-release-macos-arm64, r-release-macos-x86_64, r-release-windows-x86_64, r-oldrel-macos-arm64, r-oldrel-macos-x86_64, r-oldrel-windows-ix86+x86_64