CRAN Package Check Results for Package metamicrobiomeR

Last updated on 2022-05-27 07:50:09 CEST.

Flavor Version Tinstall Tcheck Ttotal Status Flags
r-devel-linux-x86_64-debian-clang 1.2 16.77 215.03 231.80 OK
r-devel-linux-x86_64-debian-gcc 1.2 12.53 155.62 168.15 OK
r-devel-linux-x86_64-fedora-clang 1.2 266.06 NOTE
r-devel-linux-x86_64-fedora-gcc 1.2 251.97 NOTE
r-devel-windows-x86_64 1.2 83.00 239.00 322.00 OK
r-patched-linux-x86_64 1.2 13.86 200.50 214.36 OK
r-release-linux-x86_64 1.2 13.09 200.97 214.06 OK
r-release-macos-arm64 1.2 72.00 NOTE
r-release-macos-x86_64 1.2 120.00 NOTE
r-release-windows-x86_64 1.2 112.00 220.00 332.00 OK
r-oldrel-macos-arm64 1.2 94.00 NOTE
r-oldrel-macos-x86_64 1.2 137.00 NOTE
r-oldrel-windows-ix86+x86_64 1.2 34.00 223.00 257.00 OK

Check Details

Version: 1.2
Check: dependencies in R code
Result: NOTE
    Namespace in Imports field not imported from: ‘lmerTest’
     All declared Imports should be used.
Flavors: r-devel-linux-x86_64-fedora-clang, r-devel-linux-x86_64-fedora-gcc, r-release-macos-arm64, r-release-macos-x86_64, r-oldrel-macos-arm64, r-oldrel-macos-x86_64