CRAN Package Check Results for Package metajam

Last updated on 2022-01-23 07:14:05 CET.

Flavor Version Tinstall Tcheck Ttotal Status Flags
r-devel-linux-x86_64-debian-clang 0.2.3 10.64 109.14 119.78 NOTE
r-devel-linux-x86_64-debian-gcc 0.2.3 9.21 90.08 99.29 NOTE
r-devel-linux-x86_64-fedora-clang 0.2.3 143.13 NOTE
r-devel-linux-x86_64-fedora-gcc 0.2.3 141.47 OK
r-devel-windows-x86_64-new-UL 0.2.3 52.00 139.00 191.00 OK
r-devel-windows-x86_64-new-TK 0.2.3 OK
r-patched-linux-x86_64 0.2.3 9.93 110.06 119.99 NOTE
r-release-linux-x86_64 0.2.3 9.77 110.45 120.22 NOTE
r-release-macos-arm64 0.2.3 OK
r-release-macos-x86_64 0.2.3 WARN
r-release-windows-ix86+x86_64 0.2.3 29.00 140.00 169.00 OK
r-oldrel-macos-x86_64 0.2.3 OK
r-oldrel-windows-ix86+x86_64 0.2.3 29.00 145.00 174.00 OK

Check Details

Version: 0.2.3
Check: package dependencies
Result: NOTE
    Suggests orphaned package: 'udunits2'
Flavors: r-devel-linux-x86_64-debian-clang, r-devel-linux-x86_64-debian-gcc, r-devel-linux-x86_64-fedora-clang, r-patched-linux-x86_64, r-release-linux-x86_64

Version: 0.2.3
Check: package dependencies
Result: NOTE
    Package suggested but not available for checking: ‘udunits2’
Flavor: r-release-macos-x86_64

Version: 0.2.3
Check: re-building of vignette outputs
Result: WARN
    Error(s) in re-building vignettes:
    --- re-building ‘dataset-batch-processing.Rmd’ using rmarkdown
    Warning in engine$weave(file, quiet = quiet, encoding = enc) :
     Pandoc (>= 1.12.3) not available. Falling back to R Markdown v1.
    Quitting from lines 31-41 (dataset-batch-processing.Rmd)
    Error: processing vignette 'dataset-batch-processing.Rmd' failed with diagnostics:
    there is no package called 'udunits2'
    --- failed re-building ‘dataset-batch-processing.Rmd’
    
    --- re-building ‘dataset-single.Rmd’ using rmarkdown
    Warning in engine$weave(file, quiet = quiet, encoding = enc) :
     Pandoc (>= 1.12.3) not available. Falling back to R Markdown v1.
    --- finished re-building ‘dataset-single.Rmd’
    
    --- re-building ‘package-download.Rmd’ using rmarkdown
    Warning in engine$weave(file, quiet = quiet, encoding = enc) :
     Pandoc (>= 1.12.3) not available. Falling back to R Markdown v1.
    --- finished re-building ‘package-download.Rmd’
    
    --- re-building ‘reading-raster.Rmd’ using rmarkdown
    Warning in engine$weave(file, quiet = quiet, encoding = enc) :
     Pandoc (>= 1.12.3) not available. Falling back to R Markdown v1.
    --- finished re-building ‘reading-raster.Rmd’
    
    SUMMARY: processing the following file failed:
     ‘dataset-batch-processing.Rmd’
    
    Error: Vignette re-building failed.
    Execution halted
Flavor: r-release-macos-x86_64