Last updated on 2022-07-03 07:51:58 CEST.
Flavor | Version | Tinstall | Tcheck | Ttotal | Status | Flags |
---|---|---|---|---|---|---|
r-devel-linux-x86_64-debian-clang | 0.7 | 12.64 | 146.71 | 159.35 | OK | |
r-devel-linux-x86_64-debian-gcc | 0.7 | 10.97 | 112.61 | 123.58 | OK | |
r-devel-linux-x86_64-fedora-clang | 0.7 | 199.19 | OK | |||
r-devel-linux-x86_64-fedora-gcc | 0.7 | 200.00 | OK | |||
r-devel-windows-x86_64 | 0.7 | 54.00 | 143.00 | 197.00 | OK | |
r-patched-linux-x86_64 | 0.7 | 12.76 | 154.59 | 167.35 | OK | |
r-release-linux-x86_64 | 0.7 | 13.20 | 155.66 | 168.86 | OK | |
r-release-macos-arm64 | 0.7 | 70.00 | OK | |||
r-release-macos-x86_64 | 0.7 | 104.00 | OK | |||
r-release-windows-x86_64 | 0.7 | 57.00 | 143.00 | 200.00 | OK | |
r-oldrel-macos-arm64 | 0.7 | 71.00 | NOTE | |||
r-oldrel-macos-x86_64 | 0.7 | 107.00 | OK | |||
r-oldrel-windows-ix86+x86_64 | 0.7 | 31.00 | 132.00 | 163.00 | OK |
Version: 0.7
Check: package dependencies
Result: NOTE
Package suggested but not available for checking: ‘EBImage’
Flavor: r-oldrel-macos-arm64