CRAN Package Check Results for Package metabolic

Last updated on 2022-01-26 06:50:20 CET.

Flavor Version Tinstall Tcheck Ttotal Status Flags
r-devel-linux-x86_64-debian-clang 0.1.0 4.77 58.48 63.25 OK
r-devel-linux-x86_64-debian-gcc 0.1.0 3.69 45.43 49.12 OK
r-devel-linux-x86_64-fedora-clang 0.1.0 76.73 NOTE
r-devel-linux-x86_64-fedora-gcc 0.1.0 65.58 NOTE
r-devel-windows-x86_64-new-UL 0.1.0 60.00 82.00 142.00 OK
r-devel-windows-x86_64-new-TK 0.1.0 ERROR
r-patched-linux-x86_64 0.1.0 5.00 55.07 60.07 OK
r-release-linux-x86_64 0.1.0 3.86 53.82 57.68 OK
r-release-macos-arm64 0.1.0 NOTE
r-release-macos-x86_64 0.1.0 NOTE
r-release-windows-ix86+x86_64 0.1.0 11.00 68.00 79.00 OK
r-oldrel-macos-x86_64 0.1.0 NOTE
r-oldrel-windows-ix86+x86_64 0.1.0 11.00 70.00 81.00 OK

Check Details

Version: 0.1.0
Check: data for non-ASCII characters
Result: NOTE
     Note: found 37 marked UTF-8 strings
Flavors: r-devel-linux-x86_64-fedora-clang, r-devel-linux-x86_64-fedora-gcc, r-release-macos-arm64, r-release-macos-x86_64, r-oldrel-macos-x86_64

Version: 0.1.0
Check: package dependencies
Result: ERROR
    Package required but not available: 'meta'
    
    See section 'The DESCRIPTION file' in the 'Writing R Extensions'
    manual.
Flavor: r-devel-windows-x86_64-new-TK