CRAN Package Check Results for Package metR

Last updated on 2022-01-22 06:48:58 CET.

Flavor Version Tinstall Tcheck Ttotal Status Flags
r-devel-linux-x86_64-debian-clang 0.11.0 17.95 387.73 405.68 NOTE
r-devel-linux-x86_64-debian-gcc 0.11.0 14.21 269.07 283.28 NOTE
r-devel-linux-x86_64-fedora-clang 0.11.0 419.92 NOTE
r-devel-linux-x86_64-fedora-gcc 0.11.0 385.86 NOTE
r-devel-windows-x86_64-new-UL 0.11.0 182.00 376.00 558.00 OK
r-devel-windows-x86_64-new-TK 0.11.0 NOTE
r-patched-linux-x86_64 0.11.0 23.85 326.98 350.83 NOTE
r-release-linux-x86_64 0.11.0 16.70 327.84 344.54 NOTE
r-release-macos-arm64 0.11.0 NOTE
r-release-macos-x86_64 0.11.0 NOTE
r-release-windows-ix86+x86_64 0.11.0 34.00 408.00 442.00 OK
r-oldrel-macos-x86_64 0.11.0 NOTE
r-oldrel-windows-ix86+x86_64 0.11.0 34.00 425.00 459.00 OK

Check Details

Version: 0.11.0
Check: package dependencies
Result: NOTE
    Suggests orphaned package: 'udunits2'
Flavors: r-devel-linux-x86_64-debian-clang, r-devel-linux-x86_64-debian-gcc, r-devel-linux-x86_64-fedora-clang, r-patched-linux-x86_64, r-release-linux-x86_64

Version: 0.11.0
Check: dependencies in R code
Result: NOTE
    Namespace in Imports field not imported from: ‘memoise’
     All declared Imports should be used.
Flavors: r-devel-linux-x86_64-fedora-clang, r-devel-linux-x86_64-fedora-gcc, r-devel-windows-x86_64-new-TK, r-release-macos-arm64, r-release-macos-x86_64, r-oldrel-macos-x86_64

Version: 0.11.0
Check: Rd cross-references
Result: NOTE
    Undeclared package ‘rlang’ in Rd xrefs
Flavor: r-devel-linux-x86_64-fedora-clang

Version: 0.11.0
Check: package dependencies
Result: NOTE
    Package suggested but not available for checking: ‘udunits2’
Flavors: r-release-macos-arm64, r-release-macos-x86_64