Last updated on 2022-06-29 07:51:25 CEST.
Flavor | Version | Tinstall | Tcheck | Ttotal | Status | Flags |
---|---|---|---|---|---|---|
r-devel-linux-x86_64-debian-clang | 0.12.0 | 19.95 | 412.65 | 432.60 | OK | |
r-devel-linux-x86_64-debian-gcc | 0.12.0 | 18.34 | 287.67 | 306.01 | OK | |
r-devel-linux-x86_64-fedora-clang | 0.12.0 | 445.40 | NOTE | |||
r-devel-linux-x86_64-fedora-gcc | 0.12.0 | 455.10 | NOTE | |||
r-devel-windows-x86_64 | 0.12.0 | 152.00 | 381.00 | 533.00 | OK | |
r-patched-linux-x86_64 | 0.12.0 | 25.04 | 341.14 | 366.18 | OK | |
r-release-linux-x86_64 | 0.12.0 | 20.72 | 341.69 | 362.41 | OK | |
r-release-macos-arm64 | 0.12.0 | 108.00 | NOTE | |||
r-release-macos-x86_64 | 0.12.0 | 199.00 | NOTE | |||
r-release-windows-x86_64 | 0.12.0 | 68.00 | 372.00 | 440.00 | OK | |
r-oldrel-macos-arm64 | 0.12.0 | 94.00 | NOTE | |||
r-oldrel-macos-x86_64 | 0.12.0 | 147.00 | NOTE | |||
r-oldrel-windows-ix86+x86_64 | 0.12.0 | 38.00 | 448.00 | 486.00 | OK |
Version: 0.12.0
Check: package dependencies
Result: NOTE
Suggests orphaned package: ‘udunits2’
Flavors: r-devel-linux-x86_64-fedora-clang, r-devel-linux-x86_64-fedora-gcc
Version: 0.12.0
Check: dependencies in R code
Result: NOTE
Namespace in Imports field not imported from: ‘memoise’
All declared Imports should be used.
Flavors: r-devel-linux-x86_64-fedora-clang, r-devel-linux-x86_64-fedora-gcc, r-release-macos-arm64, r-release-macos-x86_64, r-oldrel-macos-arm64, r-oldrel-macos-x86_64
Version: 0.12.0
Check: Rd cross-references
Result: NOTE
Undeclared package ‘rlang’ in Rd xrefs
Flavor: r-devel-linux-x86_64-fedora-clang