CRAN Package Check Results for Package memo

Last updated on 2022-01-26 06:50:20 CET.

Flavor Version Tinstall Tcheck Ttotal Status Flags
r-devel-linux-x86_64-debian-clang 1.0.1 2.86 32.83 35.69 NOTE
r-devel-linux-x86_64-debian-gcc 1.0.1 2.02 26.02 28.04 NOTE
r-devel-linux-x86_64-fedora-clang 1.0.1 44.41 OK
r-devel-linux-x86_64-fedora-gcc 1.0.1 32.92 OK
r-devel-windows-x86_64-new-UL 1.0.1 19.00 56.00 75.00 NOTE
r-devel-windows-x86_64-new-TK 1.0.1 OK
r-patched-linux-x86_64 1.0.1 2.29 30.84 33.13 NOTE
r-release-linux-x86_64 1.0.1 2.27 31.10 33.37 NOTE
r-release-macos-arm64 1.0.1 OK
r-release-macos-x86_64 1.0.1 OK
r-release-windows-ix86+x86_64 1.0.1 10.00 50.00 60.00 NOTE
r-oldrel-macos-x86_64 1.0.1 OK
r-oldrel-windows-ix86+x86_64 1.0.1 9.00 48.00 57.00 NOTE

Check Details

Version: 1.0.1
Check: package vignettes
Result: NOTE
    Package vignette with placeholder title 'Vignette Title':
     'README.Rmd'
Flavors: r-devel-linux-x86_64-debian-clang, r-devel-linux-x86_64-debian-gcc, r-devel-windows-x86_64-new-UL, r-patched-linux-x86_64, r-release-linux-x86_64, r-release-windows-ix86+x86_64, r-oldrel-windows-ix86+x86_64